{"id":2970,"date":"2024-07-18T15:06:25","date_gmt":"2024-07-18T20:06:25","guid":{"rendered":"https:\/\/servisistemas.com.co\/control-de-acceso\/?page_id=2970"},"modified":"2024-08-17T16:50:32","modified_gmt":"2024-08-17T21:50:32","slug":"innovacion-en-seguridad-y-comodidad-control-de-acceso-con-codigo-qr-para-hoteles-y-airbnb","status":"publish","type":"page","link":"https:\/\/servisistemas.com.co\/control-de-acceso\/innovacion-en-seguridad-y-comodidad-control-de-acceso-con-codigo-qr-para-hoteles-y-airbnb\/","title":{"rendered":"Innovaci\u00f3n en Seguridad y Comodidad: Control de Acceso con C\u00f3digo QR para Hoteles y Airbnb"},"content":{"rendered":"\t\t<div data-elementor-type=\"wp-page\" data-elementor-id=\"2970\" class=\"elementor elementor-2970\" data-elementor-post-type=\"page\">\n\t\t\t\t\t\t<section class=\"elementor-section elementor-top-section elementor-element elementor-element-0f5b215 elementor-section-boxed elementor-section-height-default elementor-section-height-default jltma-glass-effect-no\" data-id=\"0f5b215\" data-element_type=\"section\">\n\t\t\t\t\t\t<div class=\"elementor-container elementor-column-gap-default\">\n\t\t\t\t\t<div class=\"elementor-column elementor-col-100 elementor-top-column elementor-element elementor-element-750f40e jltma-glass-effect-no\" data-id=\"750f40e\" data-element_type=\"column\">\n\t\t\t<div class=\"elementor-widget-wrap elementor-element-populated\">\n\t\t\t\t\t\t<div class=\"elementor-element elementor-element-0eaacfc jltma-glass-effect-no elementor-widget elementor-widget-heading\" data-id=\"0eaacfc\" data-element_type=\"widget\" data-widget_type=\"heading.default\">\n\t\t\t\t<div class=\"elementor-widget-container\">\n\t\t\t\t\t<h2 class=\"elementor-heading-title elementor-size-default\">Control de Acceso para Puertas Exteriores a Trav\u00e9s de C\u00f3digo QR<\/h2>\t\t\t\t<\/div>\n\t\t\t\t<\/div>\n\t\t\t\t<section class=\"elementor-section elementor-inner-section elementor-element elementor-element-374929d elementor-section-boxed elementor-section-height-default elementor-section-height-default jltma-glass-effect-no\" data-id=\"374929d\" data-element_type=\"section\">\n\t\t\t\t\t\t<div class=\"elementor-container elementor-column-gap-default\">\n\t\t\t\t\t<div class=\"elementor-column elementor-col-50 elementor-inner-column elementor-element elementor-element-267d98f jltma-glass-effect-no\" data-id=\"267d98f\" data-element_type=\"column\">\n\t\t\t<div class=\"elementor-widget-wrap elementor-element-populated\">\n\t\t\t\t\t\t<div class=\"elementor-element elementor-element-a819bc8 jltma-glass-effect-no elementor-widget elementor-widget-text-editor\" data-id=\"a819bc8\" data-element_type=\"widget\" data-widget_type=\"text-editor.default\">\n\t\t\t\t<div class=\"elementor-widget-container\">\n\t\t\t\t\t\t\t\t\t<h3><strong>Bienvenidos a la Revoluci\u00f3n en Seguridad y Comodidad para Hoteles y Airbnb<\/strong><\/h3><p>Imagine un sistema de control de acceso que no solo garantiza la seguridad de sus hu\u00e9spedes, sino que tambi\u00e9n ofrece una experiencia sin complicaciones y moderna.\u00a0<\/p><p>Nuestro sistema de control de acceso a trav\u00e9s de c\u00f3digos QR es la soluci\u00f3n ideal para hoteles y propiedades de Airbnb que buscan combinar eficiencia, seguridad y conveniencia.<\/p>\t\t\t\t\t\t\t\t<\/div>\n\t\t\t\t<\/div>\n\t\t\t\t\t<\/div>\n\t\t<\/div>\n\t\t\t\t<div class=\"elementor-column elementor-col-50 elementor-inner-column elementor-element elementor-element-e325204 jltma-glass-effect-no\" data-id=\"e325204\" data-element_type=\"column\">\n\t\t\t<div class=\"elementor-widget-wrap elementor-element-populated\">\n\t\t\t\t\t\t<div class=\"elementor-element elementor-element-2dccc74 jltma-glass-effect-no elementor-widget elementor-widget-image\" data-id=\"2dccc74\" data-element_type=\"widget\" data-widget_type=\"image.default\">\n\t\t\t\t<div class=\"elementor-widget-container\">\n\t\t\t\t\t\t\t\t\t\t\t\t\t\t\t<img fetchpriority=\"high\" decoding=\"async\" width=\"512\" height=\"512\" src=\"https:\/\/servisistemas.com.co\/control-de-acceso\/wp-content\/uploads\/2024\/08\/Codigo_QR_para_AIRBNB.png\" class=\"attachment-large size-large wp-image-3048\" alt=\"\" srcset=\"https:\/\/servisistemas.com.co\/control-de-acceso\/wp-content\/uploads\/2024\/08\/Codigo_QR_para_AIRBNB.png 512w, https:\/\/servisistemas.com.co\/control-de-acceso\/wp-content\/uploads\/2024\/08\/Codigo_QR_para_AIRBNB-300x300.png 300w, https:\/\/servisistemas.com.co\/control-de-acceso\/wp-content\/uploads\/2024\/08\/Codigo_QR_para_AIRBNB-150x150.png 150w\" sizes=\"(max-width: 512px) 100vw, 512px\" \/>\t\t\t\t\t\t\t\t\t\t\t\t\t\t\t<\/div>\n\t\t\t\t<\/div>\n\t\t\t\t\t<\/div>\n\t\t<\/div>\n\t\t\t\t\t<\/div>\n\t\t<\/section>\n\t\t\t\t<div class=\"elementor-element elementor-element-83e551e jltma-glass-effect-no elementor-widget elementor-widget-text-editor\" data-id=\"83e551e\" data-element_type=\"widget\" data-widget_type=\"text-editor.default\">\n\t\t\t\t<div class=\"elementor-widget-container\">\n\t\t\t\t\t\t\t\t\t<h3>\u00a0<strong style=\"color: var( --e-global-color-text ); font-family: var( --e-global-typography-text-font-family ), Sans-serif; background-color: var(--wp--preset--color--base); font-size: var(--wp--preset--font-size--medium);\">\u00bfC\u00f3mo Funciona?<\/strong><\/h3><p><strong>1. Registro Sencillo en la Plataforma<\/strong>:<\/p><ul><li>Los hu\u00e9spedes reciben un c\u00f3digo QR \u00fanico y seguro tras completar su registro en la plataforma.<\/li><li>Este c\u00f3digo se puede enviar por correo electr\u00f3nico o mensaje de texto, facilitando el acceso inmediato desde sus dispositivos m\u00f3viles.<\/li><\/ul><p><strong>2. Acceso R\u00e1pido y Seguro<\/strong>:<\/p><ul><li>Al llegar, los hu\u00e9spedes simplemente escanean su c\u00f3digo QR en el lector de la puerta exterior.<\/li><li>Sin necesidad de llaves f\u00edsicas, tarjetas o complejas aplicaciones, el acceso es inmediato y seguro.<\/li><\/ul><p><strong>3. Gesti\u00f3n Eficiente<\/strong>:<\/p><ul><li>Los administradores pueden gestionar y monitorizar el acceso de forma remota, ajustando permisos en tiempo real.<\/li><li>Se pueden generar c\u00f3digos QR temporales para personal de servicio o visitas, con la posibilidad de desactivarlos autom\u00e1ticamente tras su uso.<\/li><\/ul><p><strong>Ventajas para Hoteles y Airbnb<\/strong>:<\/p><p><strong>Seguridad Mejorada<\/strong>:<\/p><ul><li>Cada c\u00f3digo QR es \u00fanico y tiene un tiempo de validez espec\u00edfico, reduciendo significativamente el riesgo de acceso no autorizado.<\/li><\/ul><p><strong>Experiencia del Hu\u00e9sped Elevada<\/strong>:<\/p><ul><li>Simplifique el proceso de check-in con un sistema sin contacto, ideal para hu\u00e9spedes modernos que valoran la comodidad y la rapidez.<\/li><\/ul><p><strong>Gesti\u00f3n Simplificada<\/strong>:<\/p><ul><li>La plataforma permite una administraci\u00f3n centralizada, facilitando la gesti\u00f3n de m\u00faltiples propiedades desde un solo lugar.<\/li><\/ul><p><strong>Reducci\u00f3n de Costos<\/strong>:<\/p><ul><li>Elimine la necesidad de llaves f\u00edsicas y tarjetas, reduciendo los costos de reemplazo y los problemas de p\u00e9rdida.<\/li><\/ul><p><strong>Por qu\u00e9 Elegir Nuestro Sistema de Control de Acceso por C\u00f3digo QR<\/strong>:<\/p><p>Nuestra soluci\u00f3n no solo mejora la seguridad y la eficiencia operativa, sino que tambi\u00e9n aporta un valor a\u00f1adido a su propiedad, haciendo que sus hu\u00e9spedes se sientan bienvenidos y cuidados desde el primer momento. Con un sistema intuitivo y f\u00e1cil de implementar, transformamos la manera en que gestiona el acceso a su propiedad.<\/p><p><strong>\u00bfListo para Innovar?<\/strong><\/p><p>P\u00f3ngase en contacto con nosotros hoy mismo para descubrir c\u00f3mo nuestro sistema de control de acceso por c\u00f3digos QR puede transformar su hotel o propiedad de Airbnb, ofreciendo una experiencia de seguridad y comodidad sin igual.<\/p>\t\t\t\t\t\t\t\t<\/div>\n\t\t\t\t<\/div>\n\t\t\t\t\t<\/div>\n\t\t<\/div>\n\t\t\t\t\t<\/div>\n\t\t<\/section>\n\t\t\t\t<section class=\"elementor-section elementor-top-section elementor-element elementor-element-5500cba elementor-section-boxed elementor-section-height-default elementor-section-height-default jltma-glass-effect-no\" data-id=\"5500cba\" data-element_type=\"section\">\n\t\t\t\t\t\t<div class=\"elementor-container elementor-column-gap-default\">\n\t\t\t\t\t<div class=\"elementor-column elementor-col-100 elementor-top-column elementor-element elementor-element-000c11a jltma-glass-effect-no\" data-id=\"000c11a\" data-element_type=\"column\">\n\t\t\t<div class=\"elementor-widget-wrap elementor-element-populated\">\n\t\t\t\t\t\t<div class=\"elementor-element elementor-element-b156b29 jltma-glass-effect-no elementor-widget elementor-widget-heading\" data-id=\"b156b29\" data-element_type=\"widget\" data-widget_type=\"heading.default\">\n\t\t\t\t<div class=\"elementor-widget-container\">\n\t\t\t\t\t<h2 class=\"elementor-heading-title elementor-size-default\">En este corto video del fabricante ZKTeco, se explica detalladamente el funcionamiento del sistema y su facilidad de uso.<\/h2>\t\t\t\t<\/div>\n\t\t\t\t<\/div>\n\t\t\t\t<section class=\"elementor-section elementor-inner-section elementor-element elementor-element-14cc06b elementor-section-boxed elementor-section-height-default elementor-section-height-default jltma-glass-effect-no\" data-id=\"14cc06b\" data-element_type=\"section\">\n\t\t\t\t\t\t<div class=\"elementor-container elementor-column-gap-default\">\n\t\t\t\t\t<div class=\"elementor-column elementor-col-50 elementor-inner-column elementor-element elementor-element-c30a17f jltma-glass-effect-no\" data-id=\"c30a17f\" data-element_type=\"column\">\n\t\t\t<div class=\"elementor-widget-wrap elementor-element-populated\">\n\t\t\t\t\t\t<div class=\"elementor-element elementor-element-f6056aa jltma-glass-effect-no elementor-widget elementor-widget-video\" data-id=\"f6056aa\" data-element_type=\"widget\" data-settings=\"{&quot;youtube_url&quot;:&quot;https:\\\/\\\/youtu.be\\\/DfUzt9TZUR8&quot;,&quot;yt_privacy&quot;:&quot;yes&quot;,&quot;video_type&quot;:&quot;youtube&quot;}\" data-widget_type=\"video.default\">\n\t\t\t\t<div class=\"elementor-widget-container\">\n\t\t\t\t\t\t\t<div class=\"elementor-wrapper elementor-open-inline\">\n\t\t\t<div class=\"elementor-video\"><\/div>\t\t<\/div>\n\t\t\t\t\t\t<\/div>\n\t\t\t\t<\/div>\n\t\t\t\t\t<\/div>\n\t\t<\/div>\n\t\t\t\t<div class=\"elementor-column elementor-col-50 elementor-inner-column elementor-element elementor-element-eed2d69 jltma-glass-effect-no\" data-id=\"eed2d69\" data-element_type=\"column\">\n\t\t\t<div class=\"elementor-widget-wrap elementor-element-populated\">\n\t\t\t\t\t\t<div class=\"elementor-element elementor-element-c31dd87 jltma-glass-effect-no elementor-widget elementor-widget-video\" data-id=\"c31dd87\" data-element_type=\"widget\" data-settings=\"{&quot;youtube_url&quot;:&quot;https:\\\/\\\/youtu.be\\\/SvSrwkot2G4&quot;,&quot;yt_privacy&quot;:&quot;yes&quot;,&quot;video_type&quot;:&quot;youtube&quot;}\" data-widget_type=\"video.default\">\n\t\t\t\t<div class=\"elementor-widget-container\">\n\t\t\t\t\t\t\t<div class=\"elementor-wrapper elementor-open-inline\">\n\t\t\t<div class=\"elementor-video\"><\/div>\t\t<\/div>\n\t\t\t\t\t\t<\/div>\n\t\t\t\t<\/div>\n\t\t\t\t\t<\/div>\n\t\t<\/div>\n\t\t\t\t\t<\/div>\n\t\t<\/section>\n\t\t\t\t\t<\/div>\n\t\t<\/div>\n\t\t\t\t\t<\/div>\n\t\t<\/section>\n\t\t\t\t<section class=\"elementor-section elementor-top-section elementor-element elementor-element-2b10590 elementor-section-boxed elementor-section-height-default elementor-section-height-default jltma-glass-effect-no\" data-id=\"2b10590\" data-element_type=\"section\">\n\t\t\t\t\t\t<div class=\"elementor-container elementor-column-gap-default\">\n\t\t\t\t\t<div class=\"elementor-column elementor-col-100 elementor-top-column elementor-element elementor-element-b57abd9 jltma-glass-effect-no\" data-id=\"b57abd9\" data-element_type=\"column\">\n\t\t\t<div class=\"elementor-widget-wrap elementor-element-populated\">\n\t\t\t\t\t\t<div class=\"elementor-element elementor-element-ade6c3e jltma-glass-effect-no elementor-widget elementor-widget-heading\" data-id=\"ade6c3e\" data-element_type=\"widget\" data-widget_type=\"heading.default\">\n\t\t\t\t<div class=\"elementor-widget-container\">\n\t\t\t\t\t<h2 class=\"elementor-heading-title elementor-size-default\">Estos son los equipos esenciales para activar y asegurar la protecci\u00f3n de tus puertas.<\/h2>\t\t\t\t<\/div>\n\t\t\t\t<\/div>\n\t\t\t\t<section class=\"elementor-section elementor-inner-section elementor-element elementor-element-d413891 elementor-section-boxed elementor-section-height-default elementor-section-height-default jltma-glass-effect-no\" data-id=\"d413891\" data-element_type=\"section\">\n\t\t\t\t\t\t<div class=\"elementor-container elementor-column-gap-default\">\n\t\t\t\t\t<div class=\"elementor-column elementor-col-33 elementor-inner-column elementor-element elementor-element-e0e4387 jltma-glass-effect-no\" data-id=\"e0e4387\" data-element_type=\"column\">\n\t\t\t<div class=\"elementor-widget-wrap elementor-element-populated\">\n\t\t\t\t\t\t<div class=\"elementor-element elementor-element-a832845 jltma-glass-effect-no elementor-widget elementor-widget-heading\" data-id=\"a832845\" data-element_type=\"widget\" data-widget_type=\"heading.default\">\n\t\t\t\t<div class=\"elementor-widget-container\">\n\t\t\t\t\t<h2 class=\"elementor-heading-title elementor-size-default\">Controladora o Panel IP para Control de Acceso Zkteco - INBIO260PRO<\/h2>\t\t\t\t<\/div>\n\t\t\t\t<\/div>\n\t\t\t\t<div class=\"elementor-element elementor-element-f34cd91 jltma-glass-effect-no elementor-widget elementor-widget-image\" data-id=\"f34cd91\" data-element_type=\"widget\" data-widget_type=\"image.default\">\n\t\t\t\t<div class=\"elementor-widget-container\">\n\t\t\t\t\t\t\t\t\t\t\t\t\t\t\t\t<a href=\"https:\/\/servisistemas.com.co\/zkteco-control-de-acceso\/controladora-o-panel-ip-para-control-de-acceso-zkteco-inbio260pro\">\n\t\t\t\t\t\t\t<img decoding=\"async\" width=\"358\" height=\"238\" src=\"https:\/\/servisistemas.com.co\/control-de-acceso\/wp-content\/uploads\/2024\/07\/inbio_pro2-puertas.jpg\" class=\"attachment-large size-large wp-image-2984\" alt=\"\" srcset=\"https:\/\/servisistemas.com.co\/control-de-acceso\/wp-content\/uploads\/2024\/07\/inbio_pro2-puertas.jpg 358w, https:\/\/servisistemas.com.co\/control-de-acceso\/wp-content\/uploads\/2024\/07\/inbio_pro2-puertas-300x199.jpg 300w\" sizes=\"(max-width: 358px) 100vw, 358px\" \/>\t\t\t\t\t\t\t\t<\/a>\n\t\t\t\t\t\t\t\t\t\t\t\t\t\t\t<\/div>\n\t\t\t\t<\/div>\n\t\t\t\t\t<\/div>\n\t\t<\/div>\n\t\t\t\t<div class=\"elementor-column elementor-col-33 elementor-inner-column elementor-element elementor-element-4d8d173 jltma-glass-effect-no\" data-id=\"4d8d173\" data-element_type=\"column\">\n\t\t\t<div class=\"elementor-widget-wrap elementor-element-populated\">\n\t\t\t\t\t\t<div class=\"elementor-element elementor-element-2190712 jltma-glass-effect-no elementor-widget elementor-widget-heading\" data-id=\"2190712\" data-element_type=\"widget\" data-widget_type=\"heading.default\">\n\t\t\t\t<div class=\"elementor-widget-container\">\n\t\t\t\t\t<h2 class=\"elementor-heading-title elementor-size-default\">Lector de codigos QR para control de acceso - QR600-HM<\/h2>\t\t\t\t<\/div>\n\t\t\t\t<\/div>\n\t\t\t\t<div class=\"elementor-element elementor-element-56a1ec7 jltma-glass-effect-no elementor-widget elementor-widget-image\" data-id=\"56a1ec7\" data-element_type=\"widget\" data-widget_type=\"image.default\">\n\t\t\t\t<div class=\"elementor-widget-container\">\n\t\t\t\t\t\t\t\t\t\t\t\t\t\t\t\t<a href=\"https:\/\/servisistemas.com.co\/lector-de-tarjetas-zkteco\/lector-de-codigos-qr-para-control-de-acceso-qr600-hm\">\n\t\t\t\t\t\t\t<img decoding=\"async\" width=\"358\" height=\"238\" src=\"https:\/\/servisistemas.com.co\/control-de-acceso\/wp-content\/uploads\/2024\/07\/Lector-de-codigos-QR-para-control-de-acceso-QR600-HM.jpg\" class=\"attachment-large size-large wp-image-2989\" alt=\"\" srcset=\"https:\/\/servisistemas.com.co\/control-de-acceso\/wp-content\/uploads\/2024\/07\/Lector-de-codigos-QR-para-control-de-acceso-QR600-HM.jpg 358w, https:\/\/servisistemas.com.co\/control-de-acceso\/wp-content\/uploads\/2024\/07\/Lector-de-codigos-QR-para-control-de-acceso-QR600-HM-300x199.jpg 300w\" sizes=\"(max-width: 358px) 100vw, 358px\" \/>\t\t\t\t\t\t\t\t<\/a>\n\t\t\t\t\t\t\t\t\t\t\t\t\t\t\t<\/div>\n\t\t\t\t<\/div>\n\t\t\t\t\t<\/div>\n\t\t<\/div>\n\t\t\t\t<div class=\"elementor-column elementor-col-33 elementor-inner-column elementor-element elementor-element-6b7b104 jltma-glass-effect-no\" data-id=\"6b7b104\" data-element_type=\"column\">\n\t\t\t<div class=\"elementor-widget-wrap elementor-element-populated\">\n\t\t\t\t\t\t<div class=\"elementor-element elementor-element-7910e01 jltma-glass-effect-no elementor-widget elementor-widget-heading\" data-id=\"7910e01\" data-element_type=\"widget\" data-widget_type=\"heading.default\">\n\t\t\t\t<div class=\"elementor-widget-container\">\n\t\t\t\t\t<h2 class=\"elementor-heading-title elementor-size-default\">Electroim\u00e1n SECO-LARM E946FC600Q - 600 Lbs - Resistente al Agua y a Pruebas de Fallos - Acero Inoxidable - Ideal para Exteriores<\/h2>\t\t\t\t<\/div>\n\t\t\t\t<\/div>\n\t\t\t\t<div class=\"elementor-element elementor-element-7e7e2ad jltma-glass-effect-no elementor-widget elementor-widget-image\" data-id=\"7e7e2ad\" data-element_type=\"widget\" data-widget_type=\"image.default\">\n\t\t\t\t<div class=\"elementor-widget-container\">\n\t\t\t\t\t\t\t\t\t\t\t\t\t\t\t\t<a href=\"https:\/\/servisistemas.com.co\/equipos-para-control-de-acceso\/electroiman-seco-larm-e946fc600q-600-lbs-resistente-al-agua-y-a-pruebas-de-fallos-acero-inoxidable-ideal-para-exteriores\">\n\t\t\t\t\t\t\t<img loading=\"lazy\" decoding=\"async\" width=\"358\" height=\"238\" src=\"https:\/\/servisistemas.com.co\/control-de-acceso\/wp-content\/uploads\/2024\/07\/electroiman.jpg\" class=\"attachment-large size-large wp-image-2996\" alt=\"\" srcset=\"https:\/\/servisistemas.com.co\/control-de-acceso\/wp-content\/uploads\/2024\/07\/electroiman.jpg 358w, https:\/\/servisistemas.com.co\/control-de-acceso\/wp-content\/uploads\/2024\/07\/electroiman-300x199.jpg 300w\" sizes=\"(max-width: 358px) 100vw, 358px\" \/>\t\t\t\t\t\t\t\t<\/a>\n\t\t\t\t\t\t\t\t\t\t\t\t\t\t\t<\/div>\n\t\t\t\t<\/div>\n\t\t\t\t\t<\/div>\n\t\t<\/div>\n\t\t\t\t\t<\/div>\n\t\t<\/section>\n\t\t\t\t\t<\/div>\n\t\t<\/div>\n\t\t\t\t\t<\/div>\n\t\t<\/section>\n\t\t\t\t<section class=\"elementor-section elementor-top-section elementor-element elementor-element-df4364a elementor-section-boxed elementor-section-height-default elementor-section-height-default jltma-glass-effect-no\" data-id=\"df4364a\" data-element_type=\"section\">\n\t\t\t\t\t\t<div class=\"elementor-container elementor-column-gap-default\">\n\t\t\t\t\t<div class=\"elementor-column elementor-col-100 elementor-top-column elementor-element elementor-element-fc97d93 jltma-glass-effect-no\" data-id=\"fc97d93\" data-element_type=\"column\">\n\t\t\t<div class=\"elementor-widget-wrap elementor-element-populated\">\n\t\t\t\t\t\t<div class=\"elementor-element elementor-element-8523e97 elementor-widget-divider--view-line jltma-glass-effect-no elementor-widget elementor-widget-divider\" data-id=\"8523e97\" data-element_type=\"widget\" data-widget_type=\"divider.default\">\n\t\t\t\t<div class=\"elementor-widget-container\">\n\t\t\t\t\t\t\t<div class=\"elementor-divider\">\n\t\t\t<span class=\"elementor-divider-separator\">\n\t\t\t\t\t\t<\/span>\n\t\t<\/div>\n\t\t\t\t\t\t<\/div>\n\t\t\t\t<\/div>\n\t\t\t\t\t<\/div>\n\t\t<\/div>\n\t\t\t\t\t<\/div>\n\t\t<\/section>\n\t\t\t\t<section class=\"elementor-section elementor-top-section elementor-element elementor-element-537cc77 elementor-section-boxed elementor-section-height-default elementor-section-height-default jltma-glass-effect-no\" data-id=\"537cc77\" data-element_type=\"section\">\n\t\t\t\t\t\t<div class=\"elementor-container elementor-column-gap-default\">\n\t\t\t\t\t<div class=\"elementor-column elementor-col-50 elementor-top-column elementor-element elementor-element-af75b02 jltma-glass-effect-no\" data-id=\"af75b02\" data-element_type=\"column\">\n\t\t\t<div class=\"elementor-widget-wrap elementor-element-populated\">\n\t\t\t\t\t\t<div class=\"elementor-element elementor-element-8e6ed2e jltma-glass-effect-no elementor-widget elementor-widget-text-editor\" data-id=\"8e6ed2e\" data-element_type=\"widget\" data-widget_type=\"text-editor.default\">\n\t\t\t\t<div class=\"elementor-widget-container\">\n\t\t\t\t\t\t\t\t\t<h2 style=\"text-align: center;\">Necesitas servicios para control de asistencia<\/h2><div><h2 style=\"text-align: center;\">Cont\u00e1ctanos ahora<\/h2><\/div><h6 style=\"text-align: center;\">Comprometidos con el cumplimiento y RAPIDEZ<\/h6>\t\t\t\t\t\t\t\t<\/div>\n\t\t\t\t<\/div>\n\t\t\t\t\t<\/div>\n\t\t<\/div>\n\t\t\t\t<div class=\"elementor-column elementor-col-50 elementor-top-column elementor-element elementor-element-c6b5e7c jltma-glass-effect-no\" data-id=\"c6b5e7c\" data-element_type=\"column\">\n\t\t\t<div class=\"elementor-widget-wrap elementor-element-populated\">\n\t\t\t\t\t\t<section class=\"elementor-section elementor-inner-section elementor-element elementor-element-67ff3e5 elementor-section-boxed elementor-section-height-default elementor-section-height-default jltma-glass-effect-no\" data-id=\"67ff3e5\" data-element_type=\"section\">\n\t\t\t\t\t\t<div class=\"elementor-container elementor-column-gap-default\">\n\t\t\t\t\t<div class=\"elementor-column elementor-col-100 elementor-inner-column elementor-element elementor-element-24789f0 jltma-glass-effect-no\" data-id=\"24789f0\" data-element_type=\"column\">\n\t\t\t<div class=\"elementor-widget-wrap elementor-element-populated\">\n\t\t\t\t\t\t<div class=\"elementor-element elementor-element-a5010dc jltma-glass-effect-no elementor-widget elementor-widget-heading\" data-id=\"a5010dc\" data-element_type=\"widget\" data-widget_type=\"heading.default\">\n\t\t\t\t<div class=\"elementor-widget-container\">\n\t\t\t\t\t<div class=\"elementor-heading-title elementor-size-default\">Formulario de contacto<\/div>\t\t\t\t<\/div>\n\t\t\t\t<\/div>\n\t\t\t\t\t<\/div>\n\t\t<\/div>\n\t\t\t\t\t<\/div>\n\t\t<\/section>\n\t\t\t\t<div class=\"elementor-element elementor-element-96d83c2 jltma-glass-effect-no elementor-widget elementor-widget-html\" data-id=\"96d83c2\" data-element_type=\"widget\" data-widget_type=\"html.default\">\n\t\t\t\t<div class=\"elementor-widget-container\">\n\t\t\t\t\t<div class='lepopup-inline' data-slug='FORM-CONTROL-ACCESO'><\/div>\t\t\t\t<\/div>\n\t\t\t\t<\/div>\n\t\t\t\t\t<\/div>\n\t\t<\/div>\n\t\t\t\t\t<\/div>\n\t\t<\/section>\n\t\t\t\t<\/div>\n\t\t","protected":false},"excerpt":{"rendered":"<p>Control de Acceso para Puertas Exteriores a Trav\u00e9s de C\u00f3digo QR Bienvenidos a la Revoluci\u00f3n en Seguridad y Comodidad para Hoteles y Airbnb Imagine un sistema de control de acceso que no solo garantiza la seguridad de sus hu\u00e9spedes, sino que tambi\u00e9n ofrece una experiencia sin complicaciones y moderna.\u00a0 Nuestro sistema de control de acceso [&hellip;]<\/p>\n","protected":false},"author":1,"featured_media":0,"parent":0,"menu_order":0,"comment_status":"closed","ping_status":"closed","template":"","meta":{"footnotes":""},"class_list":["post-2970","page","type-page","status-publish","hentry"],"_links":{"self":[{"href":"https:\/\/servisistemas.com.co\/control-de-acceso\/wp-json\/wp\/v2\/pages\/2970","targetHints":{"allow":["GET"]}}],"collection":[{"href":"https:\/\/servisistemas.com.co\/control-de-acceso\/wp-json\/wp\/v2\/pages"}],"about":[{"href":"https:\/\/servisistemas.com.co\/control-de-acceso\/wp-json\/wp\/v2\/types\/page"}],"author":[{"embeddable":true,"href":"https:\/\/servisistemas.com.co\/control-de-acceso\/wp-json\/wp\/v2\/users\/1"}],"replies":[{"embeddable":true,"href":"https:\/\/servisistemas.com.co\/control-de-acceso\/wp-json\/wp\/v2\/comments?post=2970"}],"version-history":[{"count":49,"href":"https:\/\/servisistemas.com.co\/control-de-acceso\/wp-json\/wp\/v2\/pages\/2970\/revisions"}],"predecessor-version":[{"id":3055,"href":"https:\/\/servisistemas.com.co\/control-de-acceso\/wp-json\/wp\/v2\/pages\/2970\/revisions\/3055"}],"wp:attachment":[{"href":"https:\/\/servisistemas.com.co\/control-de-acceso\/wp-json\/wp\/v2\/media?parent=2970"}],"curies":[{"name":"wp","href":"https:\/\/api.w.org\/{rel}","templated":true}]}}