{"id":2024,"date":"2024-03-29T08:47:16","date_gmt":"2024-03-29T13:47:16","guid":{"rendered":"https:\/\/servisistemas.com.co\/servicios-para-redes-computadores\/?page_id=2024"},"modified":"2024-03-29T09:11:09","modified_gmt":"2024-03-29T14:11:09","slug":"entendiendo-las-licencias-para-conectar-usuarios-a-un-servidor-windows-server-que-debes-saber-para-evitar-problemas-legales","status":"publish","type":"page","link":"https:\/\/servisistemas.com.co\/servicios-para-redes-computadores\/entendiendo-las-licencias-para-conectar-usuarios-a-un-servidor-windows-server-que-debes-saber-para-evitar-problemas-legales\/","title":{"rendered":"Entendiendo las Licencias para Conectar Usuarios a un Servidor Windows Server: \u00bfQu\u00e9 Debes Saber para Evitar Problemas Legales?"},"content":{"rendered":"\t\t<div data-elementor-type=\"wp-page\" data-elementor-id=\"2024\" class=\"elementor elementor-2024\" data-elementor-post-type=\"page\">\n\t\t\t\t\t\t<section class=\"elementor-section elementor-top-section elementor-element elementor-element-981a207 elementor-section-boxed elementor-section-height-default elementor-section-height-default jltma-glass-effect-no\" data-id=\"981a207\" data-element_type=\"section\">\n\t\t\t\t\t\t<div class=\"elementor-container elementor-column-gap-default\">\n\t\t\t\t\t<div class=\"elementor-column elementor-col-100 elementor-top-column elementor-element elementor-element-08fbb77 jltma-glass-effect-no\" data-id=\"08fbb77\" data-element_type=\"column\">\n\t\t\t<div class=\"elementor-widget-wrap elementor-element-populated\">\n\t\t\t\t\t\t<div class=\"elementor-element elementor-element-2d27d13 jltma-glass-effect-no elementor-widget elementor-widget-heading\" data-id=\"2d27d13\" data-element_type=\"widget\" data-widget_type=\"heading.default\">\n\t\t\t\t<div class=\"elementor-widget-container\">\n\t\t\t\t\t<h1 class=\"elementor-heading-title elementor-size-default\">Necesito licencias adicionales para conectar usuarios a un servidor Windows Server 2019<\/h1>\t\t\t\t<\/div>\n\t\t\t\t<\/div>\n\t\t\t\t<div class=\"elementor-element elementor-element-30c7df4 jltma-glass-effect-no elementor-widget elementor-widget-text-editor\" data-id=\"30c7df4\" data-element_type=\"widget\" data-widget_type=\"text-editor.default\">\n\t\t\t\t<div class=\"elementor-widget-container\">\n\t\t\t\t\t\t\t\t\t<p><span style=\"font-size:22px;\">\u00a1Buena pregunta! Si est\u00e1s usando un servidor Windows Server 2019 en tu empresa, es esencial entender las licencias necesarias para conectar a los usuarios a ese servidor.&nbsp;<\/span><\/p>\n<p><span style=\"font-size:22px;\">Cuando compras una licencia de Windows Server 2019, esta cubre el funcionamiento b\u00e1sico del servidor. Sin embargo, para que tus empleados puedan conectarse a \u00e9l, necesitar\u00e1s obtener licencias adicionales.<\/span><\/p>\t\t\t\t\t\t\t\t<\/div>\n\t\t\t\t<\/div>\n\t\t\t\t<div class=\"elementor-element elementor-element-492a099 jltma-glass-effect-no elementor-widget elementor-widget-heading\" data-id=\"492a099\" data-element_type=\"widget\" data-widget_type=\"heading.default\">\n\t\t\t\t<div class=\"elementor-widget-container\">\n\t\t\t\t\t<h4 class=\"elementor-heading-title elementor-size-default\">Existen dos tipos principales de licencias que debes considerar:<\/h4>\t\t\t\t<\/div>\n\t\t\t\t<\/div>\n\t\t\t\t<div class=\"elementor-element elementor-element-90215ea jltma-glass-effect-no elementor-widget elementor-widget-text-editor\" data-id=\"90215ea\" data-element_type=\"widget\" data-widget_type=\"text-editor.default\">\n\t\t\t\t<div class=\"elementor-widget-container\">\n\t\t\t\t\t\t\t\t\t<ul>\n    <li>\n        <p><span style=\"font-size:22px;\">Licencias de Acceso de Cliente (CAL): Estas licencias son como pases que permiten a los usuarios o dispositivos conectarse al servidor. Hay dos tipos: CAL de Usuario y CAL de Dispositivo. La CAL de Usuario permite que un empleado acceda al servidor desde cualquier dispositivo, mientras que la CAL de Dispositivo permite que varios empleados usen un solo dispositivo para acceder al servidor. Necesitas tener la cantidad correcta de CALs seg\u00fan la cantidad de personas o dispositivos que necesiten conectarse.&nbsp;<\/span><\/p>\n        <p>&nbsp;<\/p>\n    <\/li>\n    <li>\n        <p><span style=\"font-size:22px;\">Licencias de Acceso Remoto (RAL): Estas licencias son necesarias si deseas que tus empleados se conecten al servidor de forma remota, por ejemplo, a trav\u00e9s de escritorio remoto. Una licencia de RAL se necesita para cada usuario o dispositivo que se conecte de esta manera.&nbsp;<\/span><\/p>\n        <p>&nbsp;<\/p>\n    <\/li>\n<\/ul>\n<p><span style=\"font-size:22px;\">Es crucial asegurarse de tener las licencias adecuadas para evitar problemas legales. Si no tienes las licencias correctas y se realiza una auditor\u00eda, podr\u00edas enfrentarte a multas y sanciones. Por lo tanto, es importante entender tus necesidades y obtener la cantidad correcta de licencias de CAL y RAL para garantizar que tu empresa est\u00e9 en cumplimiento con las regulaciones de Microsoft.&nbsp;<\/span><\/p>\n<p><span style=\"font-size:22px;\">Recuerda, si tienes dudas sobre cu\u00e1ntas licencias necesitas, es mejor consultar con un experto en licencias de software o con el departamento de licencias de Microsoft para obtener asesoramiento espec\u00edfico seg\u00fan tu situaci\u00f3n.&nbsp;<\/span><\/p>\n<p><span style=\"font-size:22px;\">\u00a1Espero que esta informaci\u00f3n te sea \u00fatil para mantener tu empresa en cumplimiento y evitar cualquier problema futuro! Si tienes m\u00e1s preguntas, \u00a1no dudes en preguntar!<\/span><\/p>\t\t\t\t\t\t\t\t<\/div>\n\t\t\t\t<\/div>\n\t\t\t\t<div class=\"elementor-element elementor-element-d1cc9c1 jltma-glass-effect-no elementor-widget elementor-widget-video\" data-id=\"d1cc9c1\" data-element_type=\"widget\" data-settings=\"{&quot;youtube_url&quot;:&quot;https:\\\/\\\/youtu.be\\\/s181GPqnVqY&quot;,&quot;yt_privacy&quot;:&quot;yes&quot;,&quot;video_type&quot;:&quot;youtube&quot;}\" data-widget_type=\"video.default\">\n\t\t\t\t<div class=\"elementor-widget-container\">\n\t\t\t\t\t\t\t<div class=\"elementor-wrapper elementor-open-inline\">\n\t\t\t<div class=\"elementor-video\"><\/div>\t\t<\/div>\n\t\t\t\t\t\t<\/div>\n\t\t\t\t<\/div>\n\t\t\t\t\t<\/div>\n\t\t<\/div>\n\t\t\t\t\t<\/div>\n\t\t<\/section>\n\t\t\t\t<\/div>\n\t\t","protected":false},"excerpt":{"rendered":"<p>Necesito licencias adicionales para conectar usuarios a un servidor Windows Server 2019 \u00a1Buena pregunta! Si est\u00e1s usando un servidor Windows Server 2019 en tu empresa, es esencial entender las licencias necesarias para conectar a los usuarios a ese servidor.&nbsp; Cuando compras una licencia de Windows Server 2019, esta cubre el funcionamiento b\u00e1sico del servidor. Sin [&hellip;]<\/p>\n","protected":false},"author":1,"featured_media":0,"parent":0,"menu_order":0,"comment_status":"closed","ping_status":"closed","template":"","meta":{"footnotes":""},"class_list":["post-2024","page","type-page","status-publish","hentry"],"_links":{"self":[{"href":"https:\/\/servisistemas.com.co\/servicios-para-redes-computadores\/wp-json\/wp\/v2\/pages\/2024","targetHints":{"allow":["GET"]}}],"collection":[{"href":"https:\/\/servisistemas.com.co\/servicios-para-redes-computadores\/wp-json\/wp\/v2\/pages"}],"about":[{"href":"https:\/\/servisistemas.com.co\/servicios-para-redes-computadores\/wp-json\/wp\/v2\/types\/page"}],"author":[{"embeddable":true,"href":"https:\/\/servisistemas.com.co\/servicios-para-redes-computadores\/wp-json\/wp\/v2\/users\/1"}],"replies":[{"embeddable":true,"href":"https:\/\/servisistemas.com.co\/servicios-para-redes-computadores\/wp-json\/wp\/v2\/comments?post=2024"}],"version-history":[{"count":7,"href":"https:\/\/servisistemas.com.co\/servicios-para-redes-computadores\/wp-json\/wp\/v2\/pages\/2024\/revisions"}],"predecessor-version":[{"id":2032,"href":"https:\/\/servisistemas.com.co\/servicios-para-redes-computadores\/wp-json\/wp\/v2\/pages\/2024\/revisions\/2032"}],"wp:attachment":[{"href":"https:\/\/servisistemas.com.co\/servicios-para-redes-computadores\/wp-json\/wp\/v2\/media?parent=2024"}],"curies":[{"name":"wp","href":"https:\/\/api.w.org\/{rel}","templated":true}]}}