{"id":3049,"date":"2024-09-14T10:36:32","date_gmt":"2024-09-14T15:36:32","guid":{"rendered":"https:\/\/servisistemas.com.co\/servicios-para-redes-computadores\/?page_id=3049"},"modified":"2024-09-14T10:41:15","modified_gmt":"2024-09-14T15:41:15","slug":"guia-completa-para-montar-la-infraestructura-tecnologica-de-tu-empresa","status":"publish","type":"page","link":"https:\/\/servisistemas.com.co\/servicios-para-redes-computadores\/guia-completa-para-montar-la-infraestructura-tecnologica-de-tu-empresa\/","title":{"rendered":"Gu\u00eda Completa para Montar la Infraestructura Tecnol\u00f3gica de tu Empresa"},"content":{"rendered":"\t\t<div data-elementor-type=\"wp-page\" data-elementor-id=\"3049\" class=\"elementor elementor-3049\" data-elementor-post-type=\"page\">\n\t\t\t\t\t\t<section class=\"elementor-section elementor-top-section elementor-element elementor-element-0379145 elementor-section-boxed elementor-section-height-default elementor-section-height-default jltma-glass-effect-no\" data-id=\"0379145\" data-element_type=\"section\">\n\t\t\t\t\t\t<div class=\"elementor-container elementor-column-gap-default\">\n\t\t\t\t\t<div class=\"elementor-column elementor-col-100 elementor-top-column elementor-element elementor-element-acd602d jltma-glass-effect-no\" data-id=\"acd602d\" data-element_type=\"column\">\n\t\t\t<div class=\"elementor-widget-wrap elementor-element-populated\">\n\t\t\t\t\t\t<div class=\"elementor-element elementor-element-2d7f137 jltma-glass-effect-no elementor-widget elementor-widget-text-editor\" data-id=\"2d7f137\" data-element_type=\"widget\" data-widget_type=\"text-editor.default\">\n\t\t\t\t<div class=\"elementor-widget-container\">\n\t\t\t\t\t\t\t\t\t<p>El \u00e9xito de una empresa moderna depende en gran medida de su infraestructura tecnol\u00f3gica.\u00a0<\/p><p>Desde la conectividad a internet hasta la seguridad de los datos, cada componente juega un papel vital en el funcionamiento diario y en la capacidad de la empresa para crecer y adaptarse a nuevas demandas.\u00a0<\/p><p>A continuaci\u00f3n, detallamos los elementos esenciales que debes considerar al montar tu infraestructura tecnol\u00f3gica<\/p>\t\t\t\t\t\t\t\t<\/div>\n\t\t\t\t<\/div>\n\t\t\t\t\t<\/div>\n\t\t<\/div>\n\t\t\t\t\t<\/div>\n\t\t<\/section>\n\t\t\t\t<section class=\"elementor-section elementor-top-section elementor-element elementor-element-c3512f9 elementor-section-boxed elementor-section-height-default elementor-section-height-default jltma-glass-effect-no\" data-id=\"c3512f9\" data-element_type=\"section\">\n\t\t\t\t\t\t<div class=\"elementor-container elementor-column-gap-default\">\n\t\t\t\t\t<div class=\"elementor-column elementor-col-100 elementor-top-column elementor-element elementor-element-7dcfef3 jltma-glass-effect-no\" data-id=\"7dcfef3\" data-element_type=\"column\">\n\t\t\t<div class=\"elementor-widget-wrap elementor-element-populated\">\n\t\t\t\t\t\t<div class=\"elementor-element elementor-element-2ba180f jltma-glass-effect-no elementor-widget elementor-widget-text-editor\" data-id=\"2ba180f\" data-element_type=\"widget\" data-widget_type=\"text-editor.default\">\n\t\t\t\t<div class=\"elementor-widget-container\">\n\t\t\t\t\t\t\t\t\t<h4><strong>1. Computadoras y Hardware<\/strong><\/h4><p><strong>a. Selecci\u00f3n de Computadoras:<\/strong><\/p><ul><li><strong>Desktops vs. Laptops:<\/strong> Determina si tus empleados necesitan movilidad (laptops) o si pueden trabajar desde estaciones fijas (desktops).<\/li><li><strong>Especificaciones T\u00e9cnicas:<\/strong> Aseg\u00farate de que las computadoras tengan procesadores potentes (Intel i5\/i7 o AMD Ryzen), suficiente memoria RAM (m\u00ednimo 8GB, recomendado 16GB) y almacenamiento SSD para un rendimiento r\u00e1pido.<\/li><li><strong>Perif\u00e9ricos:<\/strong> Incluye monitores de alta resoluci\u00f3n, teclados ergon\u00f3micos, ratones de calidad, impresoras y esc\u00e1neres seg\u00fan las necesidades espec\u00edficas de cada departamento.<\/li><\/ul><p><strong>b. Servidores:<\/strong><\/p><ul><li><strong>Servidor Local vs. Cloud:<\/strong> Eval\u00faa si necesitas servidores f\u00edsicos en tu oficina o si es m\u00e1s conveniente utilizar servicios en la nube como AWS, Google Cloud o Microsoft Azure.<\/li><li><strong>Capacidad y Redundancia:<\/strong> Aseg\u00farate de que los servidores tengan suficiente capacidad de almacenamiento y que cuenten con sistemas de respaldo para evitar p\u00e9rdida de datos.<\/li><\/ul>\t\t\t\t\t\t\t\t<\/div>\n\t\t\t\t<\/div>\n\t\t\t\t\t<\/div>\n\t\t<\/div>\n\t\t\t\t\t<\/div>\n\t\t<\/section>\n\t\t\t\t<section class=\"elementor-section elementor-top-section elementor-element elementor-element-33ea3a0 elementor-section-boxed elementor-section-height-default elementor-section-height-default jltma-glass-effect-no\" data-id=\"33ea3a0\" data-element_type=\"section\">\n\t\t\t\t\t\t<div class=\"elementor-container elementor-column-gap-default\">\n\t\t\t\t\t<div class=\"elementor-column elementor-col-100 elementor-top-column elementor-element elementor-element-a6db2d1 jltma-glass-effect-no\" data-id=\"a6db2d1\" data-element_type=\"column\">\n\t\t\t<div class=\"elementor-widget-wrap elementor-element-populated\">\n\t\t\t\t\t\t<div class=\"elementor-element elementor-element-0358175 jltma-glass-effect-no elementor-widget elementor-widget-text-editor\" data-id=\"0358175\" data-element_type=\"widget\" data-widget_type=\"text-editor.default\">\n\t\t\t\t<div class=\"elementor-widget-container\">\n\t\t\t\t\t\t\t\t\t<h4><strong>2. Infraestructura de Red<\/strong><\/h4><p><strong>a. Cableado:<\/strong><\/p><ul><li><strong>Tipo de Cable:<\/strong> Utiliza cables CAT6 o superiores para garantizar velocidades de red \u00f3ptimas y reducir interferencias.<\/li><li><strong>Organizaci\u00f3n y Gesti\u00f3n:<\/strong> Implementa un sistema de gesti\u00f3n de cables para mantener el orden y facilitar futuras expansiones o mantenimientos.<\/li><li><strong>Puntos de Acceso:<\/strong> Planifica la ubicaci\u00f3n de los puntos de acceso para asegurar una cobertura completa en toda la oficina.<\/li><\/ul><p><strong>b. Equipos de Redes:<\/strong><\/p><ul><li><strong>Routers y Switches:<\/strong> Invierte en equipos de calidad de marcas reconocidas. Los switches gestionables permiten una mejor administraci\u00f3n del tr\u00e1fico de red.<\/li><li><strong>Access Points (APs):<\/strong> Para una conectividad inal\u00e1mbrica eficiente, instala APs estrat\u00e9gicamente ubicados que soporten est\u00e1ndares modernos como Wi-Fi 6.<\/li><li><strong>Firewalls:<\/strong> Implementa firewalls robustos para proteger la red contra amenazas externas.<\/li><\/ul><p><strong>c. Internet y Conectividad:<\/strong><\/p><ul><li><strong>Proveedor de Servicios de Internet (ISP):<\/strong> Selecciona un ISP confiable que ofrezca alta disponibilidad y velocidades adecuadas a las necesidades de tu empresa.<\/li><li><strong>Redundancia de Conexi\u00f3n:<\/strong> Considera tener una conexi\u00f3n secundaria para asegurar la continuidad del negocio en caso de fallos del ISP principal.<\/li><li><strong>VPN:<\/strong> Configura una Red Privada Virtual (VPN) para permitir el acceso seguro a la red desde ubicaciones remotas.<\/li><\/ul>\t\t\t\t\t\t\t\t<\/div>\n\t\t\t\t<\/div>\n\t\t\t\t\t<\/div>\n\t\t<\/div>\n\t\t\t\t\t<\/div>\n\t\t<\/section>\n\t\t\t\t<section class=\"elementor-section elementor-top-section elementor-element elementor-element-2144611 elementor-section-boxed elementor-section-height-default elementor-section-height-default jltma-glass-effect-no\" data-id=\"2144611\" data-element_type=\"section\">\n\t\t\t\t\t\t<div class=\"elementor-container elementor-column-gap-default\">\n\t\t\t\t\t<div class=\"elementor-column elementor-col-100 elementor-top-column elementor-element elementor-element-62a0c9d jltma-glass-effect-no\" data-id=\"62a0c9d\" data-element_type=\"column\">\n\t\t\t<div class=\"elementor-widget-wrap elementor-element-populated\">\n\t\t\t\t\t\t<div class=\"elementor-element elementor-element-26f819f jltma-glass-effect-no elementor-widget elementor-widget-text-editor\" data-id=\"26f819f\" data-element_type=\"widget\" data-widget_type=\"text-editor.default\">\n\t\t\t\t<div class=\"elementor-widget-container\">\n\t\t\t\t\t\t\t\t\t<h4><strong>3. Energ\u00eda y Suministro El\u00e9ctrico<\/strong><\/h4><p><strong>a. Estabilizadores y UPS:<\/strong><\/p><ul><li><strong>Uninterruptible Power Supply (UPS):<\/strong> Instala UPS para proteger tus equipos de cortes de energ\u00eda y picos de voltaje, garantizando que tu infraestructura tecnol\u00f3gica permanezca operativa durante interrupciones.<\/li><li><strong>Estabilizadores de Voltaje:<\/strong> Protege los equipos sensibles contra fluctuaciones de voltaje que pueden da\u00f1arlos.<\/li><\/ul><p><strong>b. Distribuci\u00f3n El\u00e9ctrica:<\/strong><\/p><ul><li><strong>Planificaci\u00f3n de Cargas:<\/strong> Aseg\u00farate de que la distribuci\u00f3n el\u00e9ctrica est\u00e9 bien planificada para soportar la carga de todos los equipos tecnol\u00f3gicos sin sobrecargas.<\/li><li><strong>Redundancia:<\/strong> Considera sistemas de energ\u00eda redundante para \u00e1reas cr\u00edticas como servidores y equipos de red.<\/li><\/ul>\t\t\t\t\t\t\t\t<\/div>\n\t\t\t\t<\/div>\n\t\t\t\t\t<\/div>\n\t\t<\/div>\n\t\t\t\t\t<\/div>\n\t\t<\/section>\n\t\t\t\t<section class=\"elementor-section elementor-top-section elementor-element elementor-element-a9d6a2f elementor-section-boxed elementor-section-height-default elementor-section-height-default jltma-glass-effect-no\" data-id=\"a9d6a2f\" data-element_type=\"section\">\n\t\t\t\t\t\t<div class=\"elementor-container elementor-column-gap-default\">\n\t\t\t\t\t<div class=\"elementor-column elementor-col-100 elementor-top-column elementor-element elementor-element-142d849 jltma-glass-effect-no\" data-id=\"142d849\" data-element_type=\"column\">\n\t\t\t<div class=\"elementor-widget-wrap elementor-element-populated\">\n\t\t\t\t\t\t<div class=\"elementor-element elementor-element-8155fbf jltma-glass-effect-no elementor-widget elementor-widget-text-editor\" data-id=\"8155fbf\" data-element_type=\"widget\" data-widget_type=\"text-editor.default\">\n\t\t\t\t<div class=\"elementor-widget-container\">\n\t\t\t\t\t\t\t\t\t<h4><strong>4. Software y Herramientas de Productividad<\/strong><\/h4><p><strong>a. Sistemas Operativos y Licencias:<\/strong><\/p><ul><li><strong>Windows, macOS o Linux:<\/strong> Elige el sistema operativo que mejor se adapte a las necesidades de tu empresa.<\/li><li><strong>Gesti\u00f3n de Licencias:<\/strong> Aseg\u00farate de tener las licencias necesarias para todo el software utilizado, evitando problemas legales y de funcionamiento.<\/li><\/ul><p><strong>b. Herramientas de Productividad:<\/strong><\/p><ul><li><strong>Suite de Ofim\u00e1tica:<\/strong> Microsoft Office 365 o Google Workspace son opciones populares que ofrecen herramientas colaborativas.<\/li><li><strong>Software de Gesti\u00f3n:<\/strong> Implementa sistemas de CRM, ERP y otras herramientas espec\u00edficas de tu industria para optimizar procesos.<\/li><li><strong>Comunicaci\u00f3n Interna:<\/strong> Utiliza plataformas como Slack, Microsoft Teams o Zoom para facilitar la comunicaci\u00f3n y colaboraci\u00f3n entre equipos.<\/li><\/ul><p><strong>c. Seguridad de Software:<\/strong><\/p><ul><li><strong>Antivirus y Anti-Malware:<\/strong> Protege todos los dispositivos con soluciones de seguridad robustas.<\/li><li><strong>Actualizaciones y Parches:<\/strong> Mant\u00e9n todo el software actualizado para protegerte contra vulnerabilidades conocidas.<\/li><\/ul>\t\t\t\t\t\t\t\t<\/div>\n\t\t\t\t<\/div>\n\t\t\t\t\t<\/div>\n\t\t<\/div>\n\t\t\t\t\t<\/div>\n\t\t<\/section>\n\t\t\t\t<section class=\"elementor-section elementor-top-section elementor-element elementor-element-74495ea elementor-section-boxed elementor-section-height-default elementor-section-height-default jltma-glass-effect-no\" data-id=\"74495ea\" data-element_type=\"section\">\n\t\t\t\t\t\t<div class=\"elementor-container elementor-column-gap-default\">\n\t\t\t\t\t<div class=\"elementor-column elementor-col-100 elementor-top-column elementor-element elementor-element-6432b30 jltma-glass-effect-no\" data-id=\"6432b30\" data-element_type=\"column\">\n\t\t\t<div class=\"elementor-widget-wrap elementor-element-populated\">\n\t\t\t\t\t\t<div class=\"elementor-element elementor-element-cee1441 jltma-glass-effect-no elementor-widget elementor-widget-text-editor\" data-id=\"cee1441\" data-element_type=\"widget\" data-widget_type=\"text-editor.default\">\n\t\t\t\t<div class=\"elementor-widget-container\">\n\t\t\t\t\t\t\t\t\t<h4><strong>5. Seguridad Inform\u00e1tica<\/strong><\/h4><p><strong>a. Pol\u00edticas de Seguridad:<\/strong><\/p><ul><li><strong>Acceso Controlado:<\/strong> Define qui\u00e9n tiene acceso a qu\u00e9 informaci\u00f3n y recursos dentro de la empresa.<\/li><li><strong>Autenticaci\u00f3n de Dos Factores (2FA):<\/strong> Implementa 2FA para agregar una capa adicional de seguridad en accesos cr\u00edticos.<\/li><\/ul><p><strong>b. Protecci\u00f3n de Datos:<\/strong><\/p><ul><li><strong>Backups Regulares:<\/strong> Realiza copias de seguridad peri\u00f3dicas de todos los datos importantes y almac\u00e9nalas en ubicaciones seguras.<\/li><li><strong>Encriptaci\u00f3n:<\/strong> Encripta datos sensibles tanto en tr\u00e1nsito como en reposo para protegerlos contra accesos no autorizados.<\/li><\/ul><p><strong>c. Monitoreo y Respuesta:<\/strong><\/p><ul><li><strong>Sistemas de Detecci\u00f3n de Intrusos (IDS):<\/strong> Implementa IDS para monitorear actividades sospechosas en la red.<\/li><li><strong>Plan de Respuesta a Incidentes:<\/strong> Desarrolla y practica un plan de respuesta a incidentes para actuar r\u00e1pidamente en caso de una brecha de seguridad.<\/li><\/ul>\t\t\t\t\t\t\t\t<\/div>\n\t\t\t\t<\/div>\n\t\t\t\t\t<\/div>\n\t\t<\/div>\n\t\t\t\t\t<\/div>\n\t\t<\/section>\n\t\t\t\t<section class=\"elementor-section elementor-top-section elementor-element elementor-element-af851c8 elementor-section-boxed elementor-section-height-default elementor-section-height-default jltma-glass-effect-no\" data-id=\"af851c8\" data-element_type=\"section\">\n\t\t\t\t\t\t<div class=\"elementor-container elementor-column-gap-default\">\n\t\t\t\t\t<div class=\"elementor-column elementor-col-100 elementor-top-column elementor-element elementor-element-25fa595 jltma-glass-effect-no\" data-id=\"25fa595\" data-element_type=\"column\">\n\t\t\t<div class=\"elementor-widget-wrap elementor-element-populated\">\n\t\t\t\t\t\t<div class=\"elementor-element elementor-element-871c567 jltma-glass-effect-no elementor-widget elementor-widget-text-editor\" data-id=\"871c567\" data-element_type=\"widget\" data-widget_type=\"text-editor.default\">\n\t\t\t\t<div class=\"elementor-widget-container\">\n\t\t\t\t\t\t\t\t\t<h4><strong>6. Espacios de Trabajo y Ergonom\u00eda<\/strong><\/h4><p><strong>a. Dise\u00f1o del Espacio:<\/strong><\/p><ul><li><strong>Distribuci\u00f3n de Escritorios:<\/strong> Organiza los espacios de trabajo de manera que promuevan la colaboraci\u00f3n y la eficiencia.<\/li><li><strong>Zonas de Descanso:<\/strong> Crea \u00e1reas donde los empleados puedan relajarse y desconectar.<\/li><\/ul><p><strong>b. Ergonom\u00eda:<\/strong><\/p><ul><li><strong>Mobiliario Ergon\u00f3mico:<\/strong> Invierte en sillas y escritorios ajustables que promuevan una postura saludable.<\/li><li><strong>Accesorios:<\/strong> Proporciona soportes para monitores, teclados y ratones ergon\u00f3micos para reducir el riesgo de lesiones por esfuerzo repetitivo.<\/li><\/ul>\t\t\t\t\t\t\t\t<\/div>\n\t\t\t\t<\/div>\n\t\t\t\t\t<\/div>\n\t\t<\/div>\n\t\t\t\t\t<\/div>\n\t\t<\/section>\n\t\t\t\t<section class=\"elementor-section elementor-top-section elementor-element elementor-element-1241544 elementor-section-boxed elementor-section-height-default elementor-section-height-default jltma-glass-effect-no\" data-id=\"1241544\" data-element_type=\"section\">\n\t\t\t\t\t\t<div class=\"elementor-container elementor-column-gap-default\">\n\t\t\t\t\t<div class=\"elementor-column elementor-col-100 elementor-top-column elementor-element elementor-element-1f92967 jltma-glass-effect-no\" data-id=\"1f92967\" data-element_type=\"column\">\n\t\t\t<div class=\"elementor-widget-wrap elementor-element-populated\">\n\t\t\t\t\t\t<div class=\"elementor-element elementor-element-250c737 jltma-glass-effect-no elementor-widget elementor-widget-text-editor\" data-id=\"250c737\" data-element_type=\"widget\" data-widget_type=\"text-editor.default\">\n\t\t\t\t<div class=\"elementor-widget-container\">\n\t\t\t\t\t\t\t\t\t<h4><strong>7. Soporte T\u00e9cnico y Mantenimiento<\/strong><\/h4><p><strong>a. Equipo de Soporte:<\/strong><\/p><ul><li><strong>Interno vs. Externo:<\/strong> Decide si tendr\u00e1s un equipo de soporte t\u00e9cnico interno o si contratar\u00e1s servicios externos.<\/li><li><strong>Capacitaci\u00f3n:<\/strong> Asegura que el personal de soporte est\u00e9 bien capacitado para manejar cualquier problema t\u00e9cnico que surja.<\/li><\/ul><p><strong>b. Mantenimiento Preventivo:<\/strong><\/p><ul><li><strong>Actualizaciones Regulars:<\/strong> Programa actualizaciones regulares de hardware y software para mantener todo funcionando de manera \u00f3ptima.<\/li><li><strong>Monitoreo Continuo:<\/strong> Utiliza herramientas de monitoreo para detectar y solucionar problemas antes de que afecten el negocio.<\/li><\/ul>\t\t\t\t\t\t\t\t<\/div>\n\t\t\t\t<\/div>\n\t\t\t\t\t<\/div>\n\t\t<\/div>\n\t\t\t\t\t<\/div>\n\t\t<\/section>\n\t\t\t\t<section class=\"elementor-section elementor-top-section elementor-element elementor-element-c8ad627 elementor-section-boxed elementor-section-height-default elementor-section-height-default jltma-glass-effect-no\" data-id=\"c8ad627\" data-element_type=\"section\">\n\t\t\t\t\t\t<div class=\"elementor-container elementor-column-gap-default\">\n\t\t\t\t\t<div class=\"elementor-column elementor-col-100 elementor-top-column elementor-element elementor-element-4ce9e2a jltma-glass-effect-no\" data-id=\"4ce9e2a\" data-element_type=\"column\">\n\t\t\t<div class=\"elementor-widget-wrap elementor-element-populated\">\n\t\t\t\t\t\t<div class=\"elementor-element elementor-element-3d9d78f jltma-glass-effect-no elementor-widget elementor-widget-text-editor\" data-id=\"3d9d78f\" data-element_type=\"widget\" data-widget_type=\"text-editor.default\">\n\t\t\t\t<div class=\"elementor-widget-container\">\n\t\t\t\t\t\t\t\t\t<h4><strong>8. Escalabilidad y Futuro Crecimiento<\/strong><\/h4><p><strong>a. Planificaci\u00f3n a Largo Plazo:<\/strong><\/p><ul><li><strong>Infraestructura Modular:<\/strong> Dise\u00f1a una infraestructura que pueda crecer con tu empresa, permitiendo agregar nuevos equipos y servicios sin grandes reconfiguraciones.<\/li><li><strong>Tecnolog\u00edas Emergentes:<\/strong> Mantente al tanto de las nuevas tecnolog\u00edas que puedan beneficiar a tu empresa y planifica su integraci\u00f3n futura.<\/li><\/ul><p><strong>b. Presupuesto y Costos:<\/strong><\/p><ul><li><strong>Inversi\u00f3n Inicial vs. Gastos Operativos:<\/strong> Equilibra la inversi\u00f3n en infraestructura con los gastos operativos continuos.<\/li><li><strong>Retorno de Inversi\u00f3n (ROI):<\/strong> Eval\u00faa c\u00f3mo cada inversi\u00f3n tecnol\u00f3gica contribuir\u00e1 al crecimiento y eficiencia de tu empresa.<\/li><\/ul>\t\t\t\t\t\t\t\t<\/div>\n\t\t\t\t<\/div>\n\t\t\t\t\t<\/div>\n\t\t<\/div>\n\t\t\t\t\t<\/div>\n\t\t<\/section>\n\t\t\t\t<section class=\"elementor-section elementor-top-section elementor-element elementor-element-b7c9a47 elementor-section-boxed elementor-section-height-default elementor-section-height-default jltma-glass-effect-no\" data-id=\"b7c9a47\" data-element_type=\"section\">\n\t\t\t\t\t\t<div class=\"elementor-container elementor-column-gap-default\">\n\t\t\t\t\t<div class=\"elementor-column elementor-col-100 elementor-top-column elementor-element elementor-element-4d54989 jltma-glass-effect-no\" data-id=\"4d54989\" data-element_type=\"column\">\n\t\t\t<div class=\"elementor-widget-wrap elementor-element-populated\">\n\t\t\t\t\t\t<div class=\"elementor-element elementor-element-83703e9 jltma-glass-effect-no elementor-widget elementor-widget-text-editor\" data-id=\"83703e9\" data-element_type=\"widget\" data-widget_type=\"text-editor.default\">\n\t\t\t\t<div class=\"elementor-widget-container\">\n\t\t\t\t\t\t\t\t\t<h4><strong>Recomendaciones Finales<\/strong><\/h4><ul><li><strong>Consultor\u00eda Profesional:<\/strong> Considera contratar a un asesor o consultor en tecnolog\u00eda para personalizar la infraestructura seg\u00fan las necesidades espec\u00edficas de tu empresa.<\/li><li><strong>Capacitaci\u00f3n Continua:<\/strong> Invierte en la formaci\u00f3n de tus empleados para asegurar que aprovechen al m\u00e1ximo las herramientas y tecnolog\u00edas implementadas.<\/li><li><strong>Evaluaci\u00f3n Regular:<\/strong> Realiza auditor\u00edas peri\u00f3dicas de tu infraestructura tecnol\u00f3gica para identificar \u00e1reas de mejora y garantizar que se mantenga alineada con los objetivos de tu empresa.<\/li><\/ul>\t\t\t\t\t\t\t\t<\/div>\n\t\t\t\t<\/div>\n\t\t\t\t\t<\/div>\n\t\t<\/div>\n\t\t\t\t\t<\/div>\n\t\t<\/section>\n\t\t\t\t<\/div>\n\t\t","protected":false},"excerpt":{"rendered":"<p>El \u00e9xito de una empresa moderna depende en gran medida de su infraestructura tecnol\u00f3gica.\u00a0 Desde la conectividad a internet hasta la seguridad de los datos, cada componente juega un papel vital en el funcionamiento diario y en la capacidad de la empresa para crecer y adaptarse a nuevas demandas.\u00a0 A continuaci\u00f3n, detallamos los elementos esenciales [&hellip;]<\/p>\n","protected":false},"author":1,"featured_media":0,"parent":0,"menu_order":0,"comment_status":"closed","ping_status":"closed","template":"","meta":{"footnotes":""},"class_list":["post-3049","page","type-page","status-publish","hentry"],"_links":{"self":[{"href":"https:\/\/servisistemas.com.co\/servicios-para-redes-computadores\/wp-json\/wp\/v2\/pages\/3049","targetHints":{"allow":["GET"]}}],"collection":[{"href":"https:\/\/servisistemas.com.co\/servicios-para-redes-computadores\/wp-json\/wp\/v2\/pages"}],"about":[{"href":"https:\/\/servisistemas.com.co\/servicios-para-redes-computadores\/wp-json\/wp\/v2\/types\/page"}],"author":[{"embeddable":true,"href":"https:\/\/servisistemas.com.co\/servicios-para-redes-computadores\/wp-json\/wp\/v2\/users\/1"}],"replies":[{"embeddable":true,"href":"https:\/\/servisistemas.com.co\/servicios-para-redes-computadores\/wp-json\/wp\/v2\/comments?post=3049"}],"version-history":[{"count":4,"href":"https:\/\/servisistemas.com.co\/servicios-para-redes-computadores\/wp-json\/wp\/v2\/pages\/3049\/revisions"}],"predecessor-version":[{"id":3054,"href":"https:\/\/servisistemas.com.co\/servicios-para-redes-computadores\/wp-json\/wp\/v2\/pages\/3049\/revisions\/3054"}],"wp:attachment":[{"href":"https:\/\/servisistemas.com.co\/servicios-para-redes-computadores\/wp-json\/wp\/v2\/media?parent=3049"}],"curies":[{"name":"wp","href":"https:\/\/api.w.org\/{rel}","templated":true}]}}