{"id":3815,"date":"2025-01-14T09:59:09","date_gmt":"2025-01-14T14:59:09","guid":{"rendered":"https:\/\/servisistemas.com.co\/servicios-para-redes-computadores\/?page_id=3815"},"modified":"2025-01-15T14:40:21","modified_gmt":"2025-01-15T19:40:21","slug":"soporte-tecnico-para-internet","status":"publish","type":"page","link":"https:\/\/servisistemas.com.co\/servicios-para-redes-computadores\/soporte-tecnico-para-internet\/","title":{"rendered":"Soporte tecnico para Internet"},"content":{"rendered":"\t\t<div data-elementor-type=\"wp-page\" data-elementor-id=\"3815\" class=\"elementor elementor-3815\" data-elementor-post-type=\"page\">\n\t\t\t\t\t\t<section class=\"elementor-section elementor-top-section elementor-element elementor-element-3a48546 elementor-section-boxed elementor-section-height-default elementor-section-height-default jltma-glass-effect-no\" data-id=\"3a48546\" data-element_type=\"section\">\n\t\t\t\t\t\t<div class=\"elementor-container elementor-column-gap-default\">\n\t\t\t\t\t<div class=\"elementor-column elementor-col-100 elementor-top-column elementor-element elementor-element-200a82a jltma-glass-effect-no\" data-id=\"200a82a\" data-element_type=\"column\">\n\t\t\t<div class=\"elementor-widget-wrap elementor-element-populated\">\n\t\t\t\t\t\t<div class=\"elementor-element elementor-element-fea095a jltma-glass-effect-no elementor-widget elementor-widget-heading\" data-id=\"fea095a\" data-element_type=\"widget\" data-widget_type=\"heading.default\">\n\t\t\t\t<div class=\"elementor-widget-container\">\n\t\t\t\t\t<h2 class=\"elementor-heading-title elementor-size-default\">Balanceo de Internet: La Soluci\u00f3n para una Conexi\u00f3n Empresarial Ininterrumpida<\/h2>\t\t\t\t<\/div>\n\t\t\t\t<\/div>\n\t\t\t\t\t<\/div>\n\t\t<\/div>\n\t\t\t\t\t<\/div>\n\t\t<\/section>\n\t\t\t\t<section class=\"elementor-section elementor-top-section elementor-element elementor-element-8fbeb6d elementor-section-boxed elementor-section-height-default elementor-section-height-default jltma-glass-effect-no\" data-id=\"8fbeb6d\" data-element_type=\"section\">\n\t\t\t\t\t\t<div class=\"elementor-container elementor-column-gap-default\">\n\t\t\t\t\t<div class=\"elementor-column elementor-col-50 elementor-top-column elementor-element elementor-element-4ad9df2 jltma-glass-effect-no\" data-id=\"4ad9df2\" data-element_type=\"column\">\n\t\t\t<div class=\"elementor-widget-wrap elementor-element-populated\">\n\t\t\t\t\t\t<div class=\"elementor-element elementor-element-876bef7 jltma-glass-effect-no elementor-widget elementor-widget-heading\" data-id=\"876bef7\" data-element_type=\"widget\" data-widget_type=\"heading.default\">\n\t\t\t\t<div class=\"elementor-widget-container\">\n\t\t\t\t\t<h2 class=\"elementor-heading-title elementor-size-default\">Evita ca\u00eddas de conexi\u00f3n y asegura la productividad de tu empresa<\/h2>\t\t\t\t<\/div>\n\t\t\t\t<\/div>\n\t\t\t\t\t<\/div>\n\t\t<\/div>\n\t\t\t\t<div class=\"elementor-column elementor-col-50 elementor-top-column elementor-element elementor-element-b5ebada jltma-glass-effect-no\" data-id=\"b5ebada\" data-element_type=\"column\">\n\t\t\t<div class=\"elementor-widget-wrap elementor-element-populated\">\n\t\t\t\t\t\t<div class=\"elementor-element elementor-element-3bdde1e jltma-glass-effect-no elementor-widget elementor-widget-image\" data-id=\"3bdde1e\" data-element_type=\"widget\" data-widget_type=\"image.default\">\n\t\t\t\t<div class=\"elementor-widget-container\">\n\t\t\t\t\t\t\t\t\t\t\t\t\t\t\t<img fetchpriority=\"high\" decoding=\"async\" width=\"500\" height=\"500\" src=\"https:\/\/servisistemas.com.co\/servicios-para-redes-computadores\/wp-content\/uploads\/2025\/01\/balanceo_de_internet.png\" class=\"attachment-large size-large wp-image-3819\" alt=\"\" srcset=\"https:\/\/servisistemas.com.co\/servicios-para-redes-computadores\/wp-content\/uploads\/2025\/01\/balanceo_de_internet.png 500w, https:\/\/servisistemas.com.co\/servicios-para-redes-computadores\/wp-content\/uploads\/2025\/01\/balanceo_de_internet-300x300.png 300w, https:\/\/servisistemas.com.co\/servicios-para-redes-computadores\/wp-content\/uploads\/2025\/01\/balanceo_de_internet-150x150.png 150w\" sizes=\"(max-width: 500px) 100vw, 500px\" title=\"\">\t\t\t\t\t\t\t\t\t\t\t\t\t\t\t<\/div>\n\t\t\t\t<\/div>\n\t\t\t\t\t<\/div>\n\t\t<\/div>\n\t\t\t\t\t<\/div>\n\t\t<\/section>\n\t\t\t\t<section class=\"elementor-section elementor-top-section elementor-element elementor-element-1228583 elementor-section-boxed elementor-section-height-default elementor-section-height-default jltma-glass-effect-no\" data-id=\"1228583\" data-element_type=\"section\">\n\t\t\t\t\t\t<div class=\"elementor-container elementor-column-gap-default\">\n\t\t\t\t\t<div class=\"elementor-column elementor-col-100 elementor-top-column elementor-element elementor-element-6f07806 jltma-glass-effect-no\" data-id=\"6f07806\" data-element_type=\"column\">\n\t\t\t<div class=\"elementor-widget-wrap elementor-element-populated\">\n\t\t\t\t\t\t<div class=\"elementor-element elementor-element-cfbb507 jltma-glass-effect-no elementor-widget elementor-widget-text-editor\" data-id=\"cfbb507\" data-element_type=\"widget\" data-widget_type=\"text-editor.default\">\n\t\t\t\t<div class=\"elementor-widget-container\">\n\t\t\t\t\t\t\t\t\t<p>En la actualidad, el internet es el coraz\u00f3n de las operaciones empresariales.<\/p><p>Desde la comunicaci\u00f3n interna hasta las transacciones con clientes, todo depende de una conexi\u00f3n estable. Pero, \u00bfqu\u00e9 pasa cuando el servicio falla? \u00a1Nada, si tienes un sistema de balanceo de internet!<\/p><p>En Servisistemas, ofrecemos soluciones avanzadas para que tu empresa nunca se detenga por problemas de conectividad.<\/p>\t\t\t\t\t\t\t\t<\/div>\n\t\t\t\t<\/div>\n\t\t\t\t\t<\/div>\n\t\t<\/div>\n\t\t\t\t\t<\/div>\n\t\t<\/section>\n\t\t\t\t<section class=\"elementor-section elementor-top-section elementor-element elementor-element-6ddf569 elementor-section-boxed elementor-section-height-default elementor-section-height-default jltma-glass-effect-no\" data-id=\"6ddf569\" data-element_type=\"section\">\n\t\t\t\t\t\t<div class=\"elementor-container elementor-column-gap-default\">\n\t\t\t\t\t<div class=\"elementor-column elementor-col-100 elementor-top-column elementor-element elementor-element-5bd62f2 jltma-glass-effect-no\" data-id=\"5bd62f2\" data-element_type=\"column\">\n\t\t\t<div class=\"elementor-widget-wrap elementor-element-populated\">\n\t\t\t\t\t\t<div class=\"elementor-element elementor-element-555f42a jltma-glass-effect-no elementor-widget elementor-widget-heading\" data-id=\"555f42a\" data-element_type=\"widget\" data-widget_type=\"heading.default\">\n\t\t\t\t<div class=\"elementor-widget-container\">\n\t\t\t\t\t<h2 class=\"elementor-heading-title elementor-size-default\">\u00bfQu\u00e9 es el balanceo de internet y por qu\u00e9 lo necesitas?<\/h2>\t\t\t\t<\/div>\n\t\t\t\t<\/div>\n\t\t\t\t<div class=\"elementor-element elementor-element-94cf355 jltma-glass-effect-no elementor-widget elementor-widget-text-editor\" data-id=\"94cf355\" data-element_type=\"widget\" data-widget_type=\"text-editor.default\">\n\t\t\t\t<div class=\"elementor-widget-container\">\n\t\t\t\t\t\t\t\t\t<p>El balanceo de internet es una tecnolog\u00eda que permite conectar dos o m\u00e1s servicios de internet a tu red empresarial, garantizando que siempre tengas acceso a la red, incluso si uno de los proveedores falla.<\/p><p>Esto no solo asegura la continuidad del negocio, sino que tambi\u00e9n optimiza la velocidad y distribuye el tr\u00e1fico de manera eficiente.<\/p>\t\t\t\t\t\t\t\t<\/div>\n\t\t\t\t<\/div>\n\t\t\t\t\t<\/div>\n\t\t<\/div>\n\t\t\t\t\t<\/div>\n\t\t<\/section>\n\t\t\t\t<section class=\"elementor-section elementor-top-section elementor-element elementor-element-d530d2d elementor-section-boxed elementor-section-height-default elementor-section-height-default jltma-glass-effect-no\" data-id=\"d530d2d\" data-element_type=\"section\">\n\t\t\t\t\t\t<div class=\"elementor-container elementor-column-gap-default\">\n\t\t\t\t\t<div class=\"elementor-column elementor-col-100 elementor-top-column elementor-element elementor-element-5d4e3cd jltma-glass-effect-no\" data-id=\"5d4e3cd\" data-element_type=\"column\">\n\t\t\t<div class=\"elementor-widget-wrap elementor-element-populated\">\n\t\t\t\t\t\t<div class=\"elementor-element elementor-element-c9b8608 jltma-glass-effect-no elementor-widget elementor-widget-heading\" data-id=\"c9b8608\" data-element_type=\"widget\" data-widget_type=\"heading.default\">\n\t\t\t\t<div class=\"elementor-widget-container\">\n\t\t\t\t\t<h2 class=\"elementor-heading-title elementor-size-default\">Beneficios del Balanceo de Internet para tu Empresa<\/h2>\t\t\t\t<\/div>\n\t\t\t\t<\/div>\n\t\t\t\t<div class=\"elementor-element elementor-element-66a0afe jltma-glass-effect-no elementor-widget elementor-widget-text-editor\" data-id=\"66a0afe\" data-element_type=\"widget\" data-widget_type=\"text-editor.default\">\n\t\t\t\t<div class=\"elementor-widget-container\">\n\t\t\t\t\t\t\t\t\t<p><b>1. Continuidad operativa garantizada<\/b><\/p><ul><li>Si uno de tus proveedores de internet falla, el sistema cambia autom\u00e1ticamente al otro servicio sin interrupciones.<\/li><li>Tus colaboradores ni siquiera notar\u00e1n que hubo un problema.<\/li><\/ul><p><b>2. Mayor velocidad y rendimiento<\/b><\/p><ul><li>Combina la capacidad de varios servicios de internet para acelerar descargas, videollamadas y otros procesos cr\u00edticos.<\/li><li>Evita cuellos de botella al distribuir el tr\u00e1fico entre m\u00faltiples conexiones.<\/li><\/ul><p><b>3. Control del uso de internet<\/b><\/p><ul><li>Establece cuotas de consumo por departamento, equipo o usuario, para un uso m\u00e1s eficiente de los recursos.<\/li><li>Prioriza aplicaciones cr\u00edticas como sistemas ERP, CRM o videoconferencias.<\/li><\/ul><p><b>4. Optimizaci\u00f3n de recursos<\/b><\/p><ul><li>Env\u00eda tr\u00e1fico espec\u00edfico por ciertos proveedores, como correos electr\u00f3nicos o tr\u00e1fico de voz (VoIP), para maximizar el rendimiento.<\/li><li>Crea reglas inteligentes para manejar picos de tr\u00e1fico sin sacrificar la experiencia del usuario.<\/li><\/ul>\t\t\t\t\t\t\t\t<\/div>\n\t\t\t\t<\/div>\n\t\t\t\t\t<\/div>\n\t\t<\/div>\n\t\t\t\t\t<\/div>\n\t\t<\/section>\n\t\t\t\t<section class=\"elementor-section elementor-top-section elementor-element elementor-element-e6c0be4 elementor-section-boxed elementor-section-height-default elementor-section-height-default jltma-glass-effect-no\" data-id=\"e6c0be4\" data-element_type=\"section\">\n\t\t\t\t\t\t<div class=\"elementor-container elementor-column-gap-default\">\n\t\t\t\t\t<div class=\"elementor-column elementor-col-100 elementor-top-column elementor-element elementor-element-608dc43 jltma-glass-effect-no\" data-id=\"608dc43\" data-element_type=\"column\">\n\t\t\t<div class=\"elementor-widget-wrap elementor-element-populated\">\n\t\t\t\t\t\t<div class=\"elementor-element elementor-element-683893d jltma-glass-effect-no elementor-widget elementor-widget-heading\" data-id=\"683893d\" data-element_type=\"widget\" data-widget_type=\"heading.default\">\n\t\t\t\t<div class=\"elementor-widget-container\">\n\t\t\t\t\t<h2 class=\"elementor-heading-title elementor-size-default\">\u00bfQu\u00e9 hacemos en Servisistemas?<\/h2>\t\t\t\t<\/div>\n\t\t\t\t<\/div>\n\t\t\t\t<div class=\"elementor-element elementor-element-c3c04d9 jltma-glass-effect-no elementor-widget elementor-widget-text-editor\" data-id=\"c3c04d9\" data-element_type=\"widget\" data-widget_type=\"text-editor.default\">\n\t\t\t\t<div class=\"elementor-widget-container\">\n\t\t\t\t\t\t\t\t\t<p><b>1. Consultor\u00eda personalizada<\/b><\/p><ul><li>Analizamos las necesidades de tu empresa para recomendar el mejor esquema de balanceo.<\/li><li>Identificamos los mejores proveedores de internet en tu zona para garantizar un servicio confiable.<\/li><\/ul><p><b>2. Implementaci\u00f3n de sistemas de balanceo<\/b><\/p><ul><li>Configuramos equipos especializados como firewalls, routers o dispositivos de balanceo dedicados.<\/li><li>Garantizamos la integraci\u00f3n total con tu red existente.<\/li><\/ul><p><b>3. Optimizaci\u00f3n y monitoreo<\/b><\/p><ul><li>Ajustamos las reglas de balanceo para aprovechar al m\u00e1ximo tus conexiones.<\/li><li>Monitoreamos el desempe\u00f1o del sistema para prevenir problemas antes de que ocurran.<\/li><\/ul><p><b>4. Seguridad y acceso controlado<\/b><\/p><ul><li>Configuramos pol\u00edticas de acceso para asegurar que cada usuario tenga un uso adecuado del internet.<\/li><li>Protegemos tu red con medidas avanzadas de seguridad, como firewalls y VPN.<\/li><\/ul>\t\t\t\t\t\t\t\t<\/div>\n\t\t\t\t<\/div>\n\t\t\t\t\t<\/div>\n\t\t<\/div>\n\t\t\t\t\t<\/div>\n\t\t<\/section>\n\t\t\t\t<section class=\"elementor-section elementor-top-section elementor-element elementor-element-ca3aca6 elementor-section-boxed elementor-section-height-default elementor-section-height-default jltma-glass-effect-no\" data-id=\"ca3aca6\" data-element_type=\"section\">\n\t\t\t\t\t\t<div class=\"elementor-container elementor-column-gap-default\">\n\t\t\t\t\t<div class=\"elementor-column elementor-col-100 elementor-top-column elementor-element elementor-element-76b3108 jltma-glass-effect-no\" data-id=\"76b3108\" data-element_type=\"column\">\n\t\t\t<div class=\"elementor-widget-wrap elementor-element-populated\">\n\t\t\t\t\t\t<div class=\"elementor-element elementor-element-f283c49 jltma-glass-effect-no elementor-widget elementor-widget-heading\" data-id=\"f283c49\" data-element_type=\"widget\" data-widget_type=\"heading.default\">\n\t\t\t\t<div class=\"elementor-widget-container\">\n\t\t\t\t\t<h2 class=\"elementor-heading-title elementor-size-default\">\u00bfPor qu\u00e9 elegirnos?<\/h2>\t\t\t\t<\/div>\n\t\t\t\t<\/div>\n\t\t\t\t<div class=\"elementor-element elementor-element-28acd15 jltma-glass-effect-no elementor-widget elementor-widget-text-editor\" data-id=\"28acd15\" data-element_type=\"widget\" data-widget_type=\"text-editor.default\">\n\t\t\t\t<div class=\"elementor-widget-container\">\n\t\t\t\t\t\t\t\t\t<p>\u2714 <strong>Experiencia comprobada:<\/strong> M\u00e1s de una d\u00e9cada ayudando a empresas a optimizar sus recursos de conectividad.<br \/>\u2714 <strong>Soluciones a medida:<\/strong> Dise\u00f1amos cada implementaci\u00f3n de balanceo seg\u00fan las necesidades espec\u00edficas de tu negocio.<br \/>\u2714 <strong>Tecnolog\u00eda avanzada:<\/strong> Trabajamos con equipos de marcas l\u00edderes para garantizar estabilidad y rendimiento.<br \/>\u2714 <strong>Soporte constante:<\/strong> Siempre estamos disponibles para resolver cualquier problema y mantener tu sistema en funcionamiento.<\/p>\t\t\t\t\t\t\t\t<\/div>\n\t\t\t\t<\/div>\n\t\t\t\t\t<\/div>\n\t\t<\/div>\n\t\t\t\t\t<\/div>\n\t\t<\/section>\n\t\t\t\t<section class=\"elementor-section elementor-top-section elementor-element elementor-element-4ad3c76 elementor-section-boxed elementor-section-height-default elementor-section-height-default jltma-glass-effect-no\" data-id=\"4ad3c76\" data-element_type=\"section\">\n\t\t\t\t\t\t<div class=\"elementor-container elementor-column-gap-default\">\n\t\t\t\t\t<div class=\"elementor-column elementor-col-100 elementor-top-column elementor-element elementor-element-f3f146f jltma-glass-effect-no\" data-id=\"f3f146f\" data-element_type=\"column\">\n\t\t\t<div class=\"elementor-widget-wrap elementor-element-populated\">\n\t\t\t\t\t\t<div class=\"elementor-element elementor-element-291c992 jltma-glass-effect-no elementor-widget elementor-widget-heading\" data-id=\"291c992\" data-element_type=\"widget\" data-widget_type=\"heading.default\">\n\t\t\t\t<div class=\"elementor-widget-container\">\n\t\t\t\t\t<h2 class=\"elementor-heading-title elementor-size-default\">Ideal para empresas que necesitan:<\/h2>\t\t\t\t<\/div>\n\t\t\t\t<\/div>\n\t\t\t\t<div class=\"elementor-element elementor-element-00b29fb jltma-glass-effect-no elementor-widget elementor-widget-text-editor\" data-id=\"00b29fb\" data-element_type=\"widget\" data-widget_type=\"text-editor.default\">\n\t\t\t\t<div class=\"elementor-widget-container\">\n\t\t\t\t\t\t\t\t\t<ul><li><b>Continuidad operativa:<\/b> Nunca detenerse por fallas de conexi\u00f3n.<\/li><li><b>Mayor eficiencia:<\/b> Optimizar el uso de recursos de internet.<\/li><li><b>Escalabilidad:<\/b> Prepararse para el crecimiento futuro de su infraestructura.<\/li><li><b>Trabajo remoto:<\/b> Proveer conexiones estables y seguras para equipos fuera de la oficina.<\/li><\/ul>\t\t\t\t\t\t\t\t<\/div>\n\t\t\t\t<\/div>\n\t\t\t\t\t<\/div>\n\t\t<\/div>\n\t\t\t\t\t<\/div>\n\t\t<\/section>\n\t\t\t\t<\/div>\n\t\t","protected":false},"excerpt":{"rendered":"<p>Balanceo de Internet: La Soluci\u00f3n para una Conexi\u00f3n Empresarial Ininterrumpida Evita ca\u00eddas de conexi\u00f3n y asegura la productividad de tu empresa En la actualidad, el internet es el coraz\u00f3n de las operaciones empresariales. Desde la comunicaci\u00f3n interna hasta las transacciones con clientes, todo depende de una conexi\u00f3n estable. Pero, \u00bfqu\u00e9 pasa cuando el servicio falla? [&hellip;]<\/p>\n","protected":false},"author":1,"featured_media":0,"parent":0,"menu_order":0,"comment_status":"closed","ping_status":"closed","template":"","meta":{"footnotes":""},"class_list":["post-3815","page","type-page","status-publish","hentry"],"_links":{"self":[{"href":"https:\/\/servisistemas.com.co\/servicios-para-redes-computadores\/wp-json\/wp\/v2\/pages\/3815","targetHints":{"allow":["GET"]}}],"collection":[{"href":"https:\/\/servisistemas.com.co\/servicios-para-redes-computadores\/wp-json\/wp\/v2\/pages"}],"about":[{"href":"https:\/\/servisistemas.com.co\/servicios-para-redes-computadores\/wp-json\/wp\/v2\/types\/page"}],"author":[{"embeddable":true,"href":"https:\/\/servisistemas.com.co\/servicios-para-redes-computadores\/wp-json\/wp\/v2\/users\/1"}],"replies":[{"embeddable":true,"href":"https:\/\/servisistemas.com.co\/servicios-para-redes-computadores\/wp-json\/wp\/v2\/comments?post=3815"}],"version-history":[{"count":34,"href":"https:\/\/servisistemas.com.co\/servicios-para-redes-computadores\/wp-json\/wp\/v2\/pages\/3815\/revisions"}],"predecessor-version":[{"id":3852,"href":"https:\/\/servisistemas.com.co\/servicios-para-redes-computadores\/wp-json\/wp\/v2\/pages\/3815\/revisions\/3852"}],"wp:attachment":[{"href":"https:\/\/servisistemas.com.co\/servicios-para-redes-computadores\/wp-json\/wp\/v2\/media?parent=3815"}],"curies":[{"name":"wp","href":"https:\/\/api.w.org\/{rel}","templated":true}]}}