{"id":3986,"date":"2025-06-10T14:27:02","date_gmt":"2025-06-10T19:27:02","guid":{"rendered":"https:\/\/servisistemas.com.co\/servicios-para-redes-computadores\/?page_id=3986"},"modified":"2025-06-10T15:13:04","modified_gmt":"2025-06-10T20:13:04","slug":"administracion-de-sitios-web","status":"publish","type":"page","link":"https:\/\/servisistemas.com.co\/servicios-para-redes-computadores\/administracion-de-sitios-web\/","title":{"rendered":"Administraci\u00f3n de SITIOS WEB"},"content":{"rendered":"\t\t<div data-elementor-type=\"wp-page\" data-elementor-id=\"3986\" class=\"elementor elementor-3986\" data-elementor-post-type=\"page\">\n\t\t\t\t\t\t<section class=\"elementor-section elementor-top-section elementor-element elementor-element-2738e98 elementor-section-full_width elementor-section-stretched elementor-section-height-default elementor-section-height-default jltma-glass-effect-no\" data-id=\"2738e98\" data-element_type=\"section\" data-settings=\"{&quot;stretch_section&quot;:&quot;section-stretched&quot;}\">\n\t\t\t\t\t\t<div class=\"elementor-container elementor-column-gap-default\">\n\t\t\t\t\t<div class=\"elementor-column elementor-col-100 elementor-top-column elementor-element elementor-element-19a9898 jltma-glass-effect-no\" data-id=\"19a9898\" data-element_type=\"column\">\n\t\t\t<div class=\"elementor-widget-wrap elementor-element-populated\">\n\t\t\t\t\t\t<div class=\"elementor-element elementor-element-3b28f04 jltma-glass-effect-no elementor-widget elementor-widget-text-editor\" data-id=\"3b28f04\" data-element_type=\"widget\" data-widget_type=\"text-editor.default\">\n\t\t\t\t<div class=\"elementor-widget-container\">\n\t\t\t\t\t\t\t\t\t<!DOCTYPE html>\n<html lang=\"es\">\n<head>\n    <meta charset=\"UTF-8\">\n    <meta name=\"viewport\" content=\"width=device-width, initial-scale=1.0\">\n    <title>ServerPro Colombia &#8211; Administraci\u00f3n y Soporte de Servidores de Misi\u00f3n Cr\u00edtica<\/title>\n    <style>\n        * {\n            margin: 0;\n            padding: 0;\n            box-sizing: border-box;\n        }\n        \n        body {\n            font-family: 'Segoe UI', Tahoma, Geneva, Verdana, sans-serif;\n            line-height: 1.6;\n            color: #333;\n        }\n        \n        .container {\n            max-width: 1200px;\n            margin: 0 auto;\n            padding: 0 20px;\n        }\n        \n        \n        nav {\n            display: flex;\n            justify-content: space-between;\n            align-items: center;\n        }\n        \n        .logo {\n            font-size: 1.8rem;\n            font-weight: bold;\n        }\n        \n        .nav-links {\n            display: flex;\n            list-style: none;\n            gap: 2rem;\n        }\n        \n        .nav-links a {\n            color: white;\n            text-decoration: none;\n            transition: color 0.3s;\n        }\n        \n        .nav-links a:hover {\n            color: #ffd700;\n        }\n        \n        \/* Hero Section *\/\n        .hero {\n            background: linear-gradient(rgba(30, 60, 114, 0.9), rgba(42, 82, 152, 0.9)), url('data:image\/svg+xml,<svg xmlns=\"http:\/\/www.w3.org\/2000\/svg\" viewBox=\"0 0 1200 600\"><rect fill=\"%23f0f2f5\" width=\"1200\" height=\"600\"\/><circle fill=\"%23e1e8ed\" cx=\"200\" cy=\"150\" r=\"80\"\/><circle fill=\"%23d1dce5\" cx=\"800\" cy=\"400\" r=\"120\"\/><rect fill=\"%23c7d2db\" x=\"400\" y=\"200\" width=\"200\" height=\"100\" rx=\"10\"\/><\/svg>');\n            color: white;\n            padding: 150px 0 100px;\n            text-align: center;\n        }\n        \n        .hero h1 {\n            font-size: 3.5rem;\n            margin-bottom: 1rem;\n            animation: fadeInUp 1s ease-out;\n        }\n        \n        .hero p {\n            font-size: 1.3rem;\n            margin-bottom: 2rem;\n            animation: fadeInUp 1s ease-out 0.3s both;\n        }\n        \n        .cta-button {\n            display: inline-block;\n            background: #ff6b35;\n            color: white;\n            padding: 15px 30px;\n            text-decoration: none;\n            border-radius: 50px;\n            font-size: 1.1rem;\n            font-weight: bold;\n            transition: all 0.3s;\n            animation: fadeInUp 1s ease-out 0.6s both;\n        }\n        \n        .cta-button:hover {\n            background: #e55a2e;\n            transform: translateY(-2px);\n            box-shadow: 0 5px 15px rgba(0,0,0,0.2);\n        }\n        \n        \/* Critical Mission Section *\/\n        .critical-mission {\n            padding: 80px 0;\n            background: #f8f9fa;\n        }\n        \n        .section-title {\n            text-align: center;\n            font-size: 2.5rem;\n            margin-bottom: 3rem;\n            color: #035f9b;\n        }\n        \n        .mission-grid {\n            display: grid;\n            grid-template-columns: repeat(auto-fit, minmax(300px, 1fr));\n            gap: 2rem;\n            margin-top: 3rem;\n        }\n        \n        .mission-card {\n            background: white;\n            padding: 2rem;\n            border-radius: 15px;\n            box-shadow: 0 5px 20px rgba(0,0,0,0.1);\n            transition: transform 0.3s;\n        }\n        \n        .mission-card:hover {\n            transform: translateY(-5px);\n        }\n        \n        .mission-icon {\n            font-size: 3rem;\n            margin-bottom: 1rem;\n        }\n        \n        \/* Services Section *\/\n        .services {\n            padding: 80px 0;\n            background: white;\n        }\n        \n        .services-grid {\n            display: grid;\n            grid-template-columns: repeat(auto-fit, minmax(350px, 1fr));\n            gap: 2rem;\n            margin-top: 3rem;\n        }\n        \n        .service-card {\n            background: linear-gradient(135deg, #667eea 0%, #764ba2 100%);\n            color: white;\n            padding: 2rem;\n            border-radius: 15px;\n            transition: transform 0.3s;\n        }\n        \n        .service-card:hover {\n            transform: scale(1.05);\n        }\n        \n        .service-card h3 {\n            font-size: 1.5rem;\n            margin-bottom: 1rem;\n        }\n        \n        .tech-list {\n            list-style: none;\n            margin-top: 1rem;\n        }\n        \n        .tech-list li {\n            padding: 0.3rem 0;\n            position: relative;\n            padding-left: 1.5rem;\n        }\n        \n        .tech-list li:before {\n            content: \"\u2713\";\n            position: absolute;\n            left: 0;\n            color: #ffd700;\n            font-weight: bold;\n        }\n        \n        \/* Platforms Section *\/\n        .platforms {\n            padding: 80px 0;\n            background: #f8f9fa;\n        }\n        \n        .platforms-grid {\n            display: grid;\n            grid-template-columns: repeat(auto-fit, minmax(250px, 1fr));\n            gap: 2rem;\n            margin-top: 3rem;\n        }\n        \n        .platform-card {\n            background: white;\n            padding: 1.5rem;\n            border-radius: 10px;\n            text-align: center;\n            box-shadow: 0 3px 15px rgba(0,0,0,0.1);\n            transition: all 0.3s;\n        }\n        \n        .platform-card:hover {\n            transform: translateY(-3px);\n            box-shadow: 0 8px 25px rgba(0,0,0,0.15);\n        }\n        \n        .platform-logo {\n            font-size: 2.5rem;\n            margin-bottom: 1rem;\n            color: #1e3c72;\n        }\n        \n        \/* Guarantees Section *\/\n        .guarantees {\n            padding: 80px 0;\n            background: linear-gradient(135deg, #1e3c72 0%, #2a5298 100%);\n            color: white;\n        }\n        \n        .guarantees-grid {\n            display: grid;\n            grid-template-columns: repeat(auto-fit, minmax(250px, 1fr));\n            gap: 2rem;\n            margin-top: 3rem;\n        }\n        \n        .guarantee-item {\n            text-align: center;\n            padding: 1.5rem;\n        }\n        \n        .guarantee-number {\n            font-size: 3rem;\n            font-weight: bold;\n            color: #ffd700;\n            margin-bottom: 0.5rem;\n        }\n        \n        \/* Contact Section *\/\n        .contact {\n            padding: 80px 0;\n            background: #f8f9fa;\n        }\n        \n        .contact-form {\n            max-width: 600px;\n            margin: 0 auto;\n            background: white;\n            padding: 2rem;\n            border-radius: 15px;\n            box-shadow: 0 5px 20px rgba(0,0,0,0.1);\n        }\n        \n        .form-group {\n            margin-bottom: 1.5rem;\n        }\n        \n        .form-group label {\n            display: block;\n            margin-bottom: 0.5rem;\n            font-weight: bold;\n            color: #333;\n        }\n        \n        .form-group input,\n        .form-group textarea,\n        .form-group select {\n            width: 100%;\n            padding: 12px;\n            border: 2px solid #e0e0e0;\n            border-radius: 8px;\n            font-size: 1rem;\n            transition: border-color 0.3s;\n        }\n        \n        .form-group input:focus,\n        .form-group textarea:focus,\n        .form-group select:focus {\n            outline: none;\n            border-color: #1e3c72;\n        }\n        \n        .submit-btn {\n            background: #ff6b35;\n            color: white;\n            padding: 15px 30px;\n            border: none;\n            border-radius: 50px;\n            font-size: 1.1rem;\n            font-weight: bold;\n            cursor: pointer;\n            transition: all 0.3s;\n            width: 100%;\n        }\n        \n        .submit-btn:hover {\n            background: #e55a2e;\n            transform: translateY(-2px);\n        }\n        \n        \/* Footer *\/\n        footer2 {\n            background: #1e3c72;\n            color: white;\n            text-align: center;\n            padding: 2rem 0;\n        }\n        \n        \/* Animations *\/\n        @keyframes fadeInUp {\n            from {\n                opacity: 0;\n                transform: translateY(30px);\n            }\n            to {\n                opacity: 1;\n                transform: translateY(0);\n            }\n        }\n        \n        \/* Responsive *\/\n        @media (max-width: 768px) {\n            .hero h1 {\n                font-size: 2.5rem;\n            }\n            \n            .nav-links {\n                display: none;\n            }\n            \n            .services-grid,\n            .platforms-grid {\n                grid-template-columns: 1fr;\n            }\n        }\n    <\/style>\n<\/head>\n<body>\n\n\n    <section class=\"hero\" id=\"inicio\">\n        <div class=\"container\">\n            <h1>Administraci\u00f3n de Servidores de Misi\u00f3n Cr\u00edtica<\/h1>\n            <p>Mant\u00e9n tu negocio online 24\/7 con nuestro soporte especializado en Linux, LiteSpeed y tecnolog\u00edas empresariales<\/p>\n            <a href=\"#conactanos01\" class=\"cta-button\">Solicitar Consulta Gratuita<\/a>\n        <\/div>\n    <\/section>\n\n    <section class=\"critical-mission\">\n        <div class=\"container\">\n            <h2 class=\"section-title\">\u00bfPor Qu\u00e9 Tu Servidor es de Misi\u00f3n Cr\u00edtica?<\/h2>\n            <div class=\"mission-grid\">\n                <div class=\"mission-card\">\n                    <div class=\"mission-icon\">\ud83d\udcb0<\/div>\n                    <h3>Cada Minuto Offline = P\u00e9rdidas<\/h3>\n                    <p>Un e-commerce que factura $100,000\/mes pierde $2.28 por cada minuto offline. No puedes permitirte interrupciones.<\/p>\n                <\/div>\n                <div class=\"mission-card\">\n                    <div class=\"mission-icon\">\ud83c\udf93<\/div>\n                    <h3>Estudiantes Dependen de Ti<\/h3>\n                    <p>Tu plataforma LMS educa a cientos de estudiantes. Una ca\u00edda durante un examen puede arruinar semestres completos.<\/p>\n                <\/div>\n                <div class=\"mission-card\">\n                    <div class=\"mission-icon\">\ud83c\udfe2<\/div>\n                    <h3>Operaciones Empresariales Cr\u00edticas<\/h3>\n                    <p>Tu ERP\/CRM maneja n\u00f3minas, inventarios y clientes. Una falla puede paralizar toda la operaci\u00f3n empresarial.<\/p>\n                <\/div>\n            <\/div>\n        <\/div>\n    <\/section>\n\n    <section class=\"services\" id=\"servicios\">\n        <div class=\"container\">\n            <h2 class=\"section-title\">Nuestros Servicios Especializados<\/h2>\n            <div class=\"services-grid\">\n                <div class=\"service-card\">\n                    <h3>\ud83d\udc27 Administraci\u00f3n Linux + LiteSpeed<\/h3>\n                    <p>Optimizaci\u00f3n completa de servidores Linux con LiteSpeed Web Server y CyberPanel para m\u00e1ximo rendimiento.<\/p>\n                    <ul class=\"tech-list\">\n                        <li>Ubuntu\/CentOS\/AlmaLinux<\/li>\n                        <li>LiteSpeed Enterprise<\/li>\n                        <li>CyberPanel + OpenLiteSpeed<\/li>\n                        <li>SSL\/TLS automatizado<\/li>\n                        <li>Cache LSCache optimizado<\/li>\n                    <\/ul>\n                <\/div>\n                \n                <div class=\"service-card\">\n                    <h3>\u2601\ufe0f Gesti\u00f3n Multi-Cloud VPS<\/h3>\n                    <p>Administramos tu infraestructura en los mejores proveedores cloud con alta disponibilidad.<\/p>\n                    <ul class=\"tech-list\">\n                        <li>DigitalOcean Droplets<\/li>\n                        <li>Hetzner Cloud<\/li>\n                        <li>GoDaddy VPS<\/li>\n                        <li>Hostinger VPS<\/li>\n                        <li>Migraci\u00f3n entre proveedores<\/li>\n                    <\/ul>\n                <\/div>\n                \n                <div class=\"service-card\">\n                    <h3>\ud83d\uded2 E-commerce Especializado<\/h3>\n                    <p>Soporte experto para plataformas de comercio electr\u00f3nico con optimizaci\u00f3n para ventas.<\/p>\n                    <ul class=\"tech-list\">\n                        <li>WooCommerce + WordPress<\/li>\n                        <li>PrestaShop optimizado<\/li>\n                        <li>Shopify Plus management<\/li>\n                        <li>Pasarelas de pago seguras<\/li>\n                        <li>CDN para velocidad global<\/li>\n                    <\/ul>\n                <\/div>\n                \n                <div class=\"service-card\">\n                    <h3>\ud83d\udcda Plataformas Educativas LMS<\/h3>\n                    <p>Administraci\u00f3n especializada de sistemas de gesti\u00f3n de aprendizaje para instituciones educativas.<\/p>\n                    <ul class=\"tech-list\">\n                        <li>Moodle Enterprise<\/li>\n                        <li>LearnDash + WordPress<\/li>\n                        <li>Integraci\u00f3n con videoconferencia<\/li>\n                        <li>Backups de datos acad\u00e9micos<\/li>\n                        <li>Escalabilidad para ex\u00e1menes<\/li>\n                    <\/ul>\n                <\/div>\n                \n                <div class=\"service-card\">\n                    <h3>\ud83c\udfe2 Sistemas Empresariales<\/h3>\n                    <p>Soporte para sistemas cr\u00edticos de gesti\u00f3n empresarial con alta disponibilidad.<\/p>\n                    <ul class=\"tech-list\">\n                        <li>ERP (Odoo, ERPNext)<\/li>\n                        <li>CRM (SuiteCRM, vtiger)<\/li>\n                        <li>Integraci\u00f3n con APIs<\/li>\n                        <li>Bases de datos MySQL\/PostgreSQL<\/li>\n                        <li>Sincronizaci\u00f3n multi-sede<\/li>\n                    <\/ul>\n                <\/div>\n                \n                <div class=\"service-card\">\n                    <h3>\ud83c\udf10 CMS Avanzados<\/h3>\n                    <p>Gesti\u00f3n profesional de sistemas de gesti\u00f3n de contenido complejos y personalizados.<\/p>\n                    <ul class=\"tech-list\">\n                        <li>Joomla + extensiones<\/li>\n                        <li>Drupal empresarial<\/li>\n                        <li>WordPress Multisite<\/li>\n                        <li>Magento Commerce<\/li>\n                        <li>Personalizaci\u00f3n avanzada<\/li>\n                    <\/ul>\n                <\/div>\n            <\/div>\n        <\/div>\n    <\/section>\n\n    <section class=\"platforms\" id=\"plataformas\">\n        <div class=\"container\">\n            <h2 class=\"section-title\">Tecnolog\u00edas y Plataformas que Dominamos<\/h2>\n            <div class=\"platforms-grid\">\n                <div class=\"platform-card\">\n                    <div class=\"platform-logo\">\ud83d\udc27<\/div>\n                    <h4>Linux Servers<\/h4>\n                    <p>Ubuntu, CentOS, AlmaLinux<\/p>\n                <\/div>\n                <div class=\"platform-card\">\n                    <div class=\"platform-logo\">\u26a1<\/div>\n                    <h4>LiteSpeed<\/h4>\n                    <p>Enterprise + OpenLiteSpeed<\/p>\n                <\/div>\n                <div class=\"platform-card\">\n                    <div class=\"platform-logo\">\ud83d\udee1\ufe0f<\/div>\n                    <h4>CyberPanel<\/h4>\n                    <p>Control Panel Optimizado<\/p>\n                <\/div>\n                <div class=\"platform-card\">\n                    <div class=\"platform-logo\">\ud83c\udf0a<\/div>\n                    <h4>DigitalOcean<\/h4>\n                    <p>Droplets y Kubernetes<\/p>\n                <\/div>\n                <div class=\"platform-card\">\n                    <div class=\"platform-logo\">\ud83d\ude80<\/div>\n                    <h4>Hetzner<\/h4>\n                    <p>Cloud y Dedicated<\/p>\n                <\/div>\n                <div class=\"platform-card\">\n                    <div class=\"platform-logo\">\ud83c\udfea<\/div>\n                    <h4>WooCommerce<\/h4>\n                    <p>E-commerce WordPress<\/p>\n                <\/div>\n                <div class=\"platform-card\">\n                    <div class=\"platform-logo\">\ud83d\udcda<\/div>\n                    <h4>Moodle<\/h4>\n                    <p>Learning Management<\/p>\n                <\/div>\n                <div class=\"platform-card\">\n                    <div class=\"platform-logo\">\ud83c\udfe2<\/div>\n                    <h4>Odoo ERP<\/h4>\n                    <p>Sistema Empresarial<\/p>\n                <\/div>\n            <\/div>\n        <\/div>\n    <\/section>\n\n    <section class=\"guarantees\" id=\"garantias\">\n        <div class=\"container\">\n            <h2 class=\"section-title\">Nuestras Garant\u00edas de Servicio<\/h2>\n            <div class=\"guarantees-grid\">\n                <div class=\"guarantee-item\">\n                    <div class=\"guarantee-number\">99.9%<\/div>\n                    <h4>Uptime Garantizado<\/h4>\n                    <p>O devolvemos tu dinero proporcionalmente<\/p>\n                <\/div>\n                <div class=\"guarantee-item\">\n                    <div class=\"guarantee-number\">24\/7<\/div>\n                    <h4>Monitoreo Continuo<\/h4>\n                    <p>Supervisi\u00f3n automatizada sin descanso<\/p>\n                <\/div>\n                <div class=\"guarantee-item\">\n                    <div class=\"guarantee-number\">15min<\/div>\n                    <h4>Tiempo de Respuesta<\/h4>\n                    <p>Para emergencias cr\u00edticas<\/p>\n                <\/div>\n                <div class=\"guarantee-item\">\n                    <div class=\"guarantee-number\">30d\u00edas<\/div>\n                    <h4>Backups Seguros<\/h4>\n                    <p>Respaldos autom\u00e1ticos diarios<\/p>\n                <\/div>\n            <\/div>\n        <\/div>\n    <\/section>\n\n    \n\n\n    <script>\n        \/\/ Smooth scrolling for navigation links\n        document.querySelectorAll('a[href^=\"#\"]').forEach(anchor => {\n            anchor.addEventListener('click', function (e) {\n                e.preventDefault();\n                const target = document.querySelector(this.getAttribute('href'));\n                if (target) {\n                    target.scrollIntoView({\n                        behavior: 'smooth',\n                        block: 'start'\n                    });\n                }\n            });\n        });\n\n        \/\/ Form submission handler\n        document.querySelector('.contact-form').addEventListener('submit', function(e) {\n            e.preventDefault();\n            \n            \/\/ Get form data\n            const formData = new FormData(this);\n            const data = Object.fromEntries(formData);\n            \n            \/\/ Here you would typically send the data to your server\n            console.log('Form data:', data);\n            \n            \/\/ Show success message\n            alert('\u00a1Gracias por contactarnos! Te responderemos en las pr\u00f3ximas 2 horas durante horario laboral.');\n            \n            \/\/ Reset form\n            this.reset();\n        });\n\n        \/\/ Add animation on scroll\n        const observerOptions = {\n            threshold: 0.1,\n            rootMargin: '0px 0px -50px 0px'\n        };\n\n        const observer = new IntersectionObserver(function(entries) {\n            entries.forEach(entry => {\n                if (entry.isIntersecting) {\n                    entry.target.style.animation = 'fadeInUp 0.6s ease-out forwards';\n                }\n            });\n        }, observerOptions);\n\n        \/\/ Observe all cards and sections\n        document.querySelectorAll('.mission-card, .service-card, .platform-card, .guarantee-item').forEach(card => {\n            observer.observe(card);\n        });\n    <\/script>\n<\/body>\n<\/html>\t\t\t\t\t\t\t\t<\/div>\n\t\t\t\t<\/div>\n\t\t\t\t\t<\/div>\n\t\t<\/div>\n\t\t\t\t\t<\/div>\n\t\t<\/section>\n\t\t\t\t<section class=\"elementor-section elementor-top-section elementor-element elementor-element-c5292c2 elementor-section-boxed elementor-section-height-default elementor-section-height-default jltma-glass-effect-no\" data-id=\"c5292c2\" data-element_type=\"section\">\n\t\t\t\t\t\t<div class=\"elementor-container elementor-column-gap-default\">\n\t\t\t\t\t<div class=\"elementor-column elementor-col-100 elementor-top-column elementor-element elementor-element-8a71c1e jltma-glass-effect-no\" data-id=\"8a71c1e\" data-element_type=\"column\">\n\t\t\t<div class=\"elementor-widget-wrap elementor-element-populated\">\n\t\t\t\t\t\t<div class=\"elementor-element elementor-element-3477c0f jltma-glass-effect-no elementor-widget elementor-widget-html\" data-id=\"3477c0f\" data-element_type=\"widget\" id=\"conactanos01\" data-widget_type=\"html.default\">\n\t\t\t\t<div class=\"elementor-widget-container\">\n\t\t\t\t\t<div class='lepopup-inline' data-slug='FORM-REDES-INFORMA'><\/div>\t\t\t\t<\/div>\n\t\t\t\t<\/div>\n\t\t\t\t\t<\/div>\n\t\t<\/div>\n\t\t\t\t\t<\/div>\n\t\t<\/section>\n\t\t\t\t<\/div>\n\t\t","protected":false},"excerpt":{"rendered":"<p>ServerPro Colombia &#8211; Administraci\u00f3n y Soporte de Servidores de Misi\u00f3n Cr\u00edtica Administraci\u00f3n de Servidores de Misi\u00f3n Cr\u00edtica Mant\u00e9n tu negocio online 24\/7 con nuestro soporte especializado en Linux, LiteSpeed y tecnolog\u00edas empresariales Solicitar Consulta Gratuita \u00bfPor Qu\u00e9 Tu Servidor es de Misi\u00f3n Cr\u00edtica? \ud83d\udcb0 Cada Minuto Offline = P\u00e9rdidas Un e-commerce que factura $100,000\/mes pierde [&hellip;]<\/p>\n","protected":false},"author":1,"featured_media":0,"parent":0,"menu_order":0,"comment_status":"closed","ping_status":"closed","template":"","meta":{"footnotes":""},"class_list":["post-3986","page","type-page","status-publish","hentry"],"_links":{"self":[{"href":"https:\/\/servisistemas.com.co\/servicios-para-redes-computadores\/wp-json\/wp\/v2\/pages\/3986","targetHints":{"allow":["GET"]}}],"collection":[{"href":"https:\/\/servisistemas.com.co\/servicios-para-redes-computadores\/wp-json\/wp\/v2\/pages"}],"about":[{"href":"https:\/\/servisistemas.com.co\/servicios-para-redes-computadores\/wp-json\/wp\/v2\/types\/page"}],"author":[{"embeddable":true,"href":"https:\/\/servisistemas.com.co\/servicios-para-redes-computadores\/wp-json\/wp\/v2\/users\/1"}],"replies":[{"embeddable":true,"href":"https:\/\/servisistemas.com.co\/servicios-para-redes-computadores\/wp-json\/wp\/v2\/comments?post=3986"}],"version-history":[{"count":28,"href":"https:\/\/servisistemas.com.co\/servicios-para-redes-computadores\/wp-json\/wp\/v2\/pages\/3986\/revisions"}],"predecessor-version":[{"id":4021,"href":"https:\/\/servisistemas.com.co\/servicios-para-redes-computadores\/wp-json\/wp\/v2\/pages\/3986\/revisions\/4021"}],"wp:attachment":[{"href":"https:\/\/servisistemas.com.co\/servicios-para-redes-computadores\/wp-json\/wp\/v2\/media?parent=3986"}],"curies":[{"name":"wp","href":"https:\/\/api.w.org\/{rel}","templated":true}]}}